{"id":1214,"date":"2015-02-10T13:57:10","date_gmt":"2015-02-10T13:57:10","guid":{"rendered":"https:\/\/apreis.eu\/newapreis\/?page_id=1214"},"modified":"2019-03-03T18:22:44","modified_gmt":"2019-03-03T18:22:44","slug":"ouvrages","status":"publish","type":"page","link":"https:\/\/apreis.eu\/apreis\/ouvrages\/","title":{"rendered":"Ouvrages"},"content":{"rendered":"<p>&nbsp;<\/p>\n<div class=\"apreis-postheadericons apreis-metadata-icons\">\n<p style=\"text-align: center;\"><span style=\"font-size: 24px; font-family: tahoma,arial,helvetica,sans-serif;\"><strong>Threats to Multiculturalism<\/strong><\/span><\/p>\n<\/div>\n<h1 style=\"text-align: center;\"><a href=\"https:\/\/ekonomiczna24.osdw.pl\/ksiazka\/materialy-z-konferencji\/AKTUALNE-ZAGROZENIA-DLA-WARTOSCI-ZWIAZANYCH-Z-WIELOKULTUROWOSCIA-materialy-miedzynarodowej-konferencji-naukowej,ekonoIIA54HBP\" target=\"_blank\" rel=\"noopener noreferrer\"><img loading=\"lazy\" class=\"alignnone wp-image-4108 size-full\" src=\"https:\/\/apreis.eu\/apreis\/wp-content\/uploads\/2016\/04\/Threats-to-multiculturalism-e1459780838543.jpg\" alt=\"\" width=\"246\" height=\"340\" \/><\/a><a href=\"https:\/\/ekonomiczna24.osdw.pl\/ksiazka\/materialy-z-konferencji\/AKTUALNE-ZAGROZENIA-DLA-WARTOSCI-ZWIAZANYCH-Z-WIELOKULTUROWOSCIA-materialy-miedzynarodowej-konferencji-naukowej,ekonoIIA54HBP\" target=\"_blank\" rel=\"noopener noreferrer\"><img loading=\"lazy\" class=\"alignnone wp-image-4109 size-full\" src=\"https:\/\/apreis.eu\/apreis\/wp-content\/uploads\/2016\/04\/aktualne-e1459776369344.jpg\" alt=\"aktualne\" width=\"250\" height=\"340\" \/><\/a><\/h1>\n<p style=\"text-align: justify;\"><span style=\"color: #000000; font-family: tahoma,arial,helvetica,sans-serif; font-size: 12px;\">\u00a0 \u00a0 \u00a0 \u00a0 \u00a0 \u00a0 \u00a0 \u00a0 \u00a0 \u00a0 \u00a0 \u00a0 \u00a0 \u00a0 \u00a0 \u00a0 \u00a0 \u00a0 \u00a0 \u00a0 \u00a0 \u00a0 \u00a0 \u00a0 \u00a0 \u00a0 \u00a0 \u00a0 \u00a0 \u00a0 \u00a0 \u00a0 \u00a0 \u00a0 \u00a0 \u00a0 \u00a0 \u00a0 \u00a0 \u00a0 \u00a0 \u00a0 \u00a0 \u00a0 \u00a0 \u00a0\u00a0 \u00a0 <strong>Education in the world of Diaspora<\/strong> (Zygmunt Bauman)\u00a0<\/span><\/p>\n<p style=\"text-align: justify;\"><span style=\"color: #000000; font-family: tahoma,arial,helvetica,sans-serif; font-size: 12px;\"><strong>\u00a0 \u00a0 \u00a0 \u00a0 \u00a0 \u00a0 \u00a0 \u00a0 \u00a0 \u00a0 \u00a0 \u00a0 \u00a0 \u00a0 \u00a0 \u00a0 \u00a0 \u00a0 \u00a0 \u00a0 \u00a0 \u00a0 \u00a0 \u00a0 \u00a0 \u00a0 \u00a0 \u00a0 \u00a0 \u00a0 \u00a0 \u00a0 \u00a0 \u00a0 \u00a0 \u00a0 \u00a0 \u00a0 \u00a0 \u00a0 \u00a0 \u00a0 \u00a0 \u00a0 \u00a0 \u00a0 \u00a0\u00a0 Liberal project of Multiculturalism<\/strong> (Bodgan Szarek)<\/span><\/p>\n<p style=\"text-align: justify;\"><span style=\"color: #000000; font-family: tahoma,arial,helvetica,sans-serif; font-size: 12px;\">\u00a0 \u00a0 \u00a0 \u00a0 \u00a0 \u00a0 \u00a0 \u00a0 \u00a0 \u00a0 \u00a0 \u00a0 \u00a0 \u00a0 \u00a0 \u00a0 \u00a0 \u00a0 \u00a0 \u00a0 \u00a0 \u00a0 \u00a0 \u00a0 \u00a0 \u00a0 \u00a0 \u00a0 \u00a0 \u00a0 \u00a0 \u00a0 \u00a0\u00a0 <strong>Globalization and Multiculturalism &amp; Sustaintability and Interculturality<\/strong>\u00a0\u00a0(L\u00e9o Dayan)<br \/>\n<\/span><span style=\"color: #000000; font-family: tahoma,arial,helvetica,sans-serif; font-size: 12px;\">\u00a0 \u00a0 \u00a0 \u00a0 \u00a0 \u00a0 \u00a0 \u00a0 \u00a0 \u00a0 \u00a0 \u00a0 \u00a0 \u00a0 \u00a0 \u00a0 \u00a0 \u00a0 \u00a0 \u00a0 \u00a0 \u00a0 \u00a0 \u00a0 \u00a0 \u00a0 \u00a0 \u00a0 \u00a0 \u00a0 \u00a0 \u00a0 \u00a0 \u00a0 \u00a0 \u00a0 \u00a0 \u00a0 \u00a0 \u00a0 \u00a0 \u00a0\u00a0 \u00a0<span style=\"color: #993300;\">\u00a0 <strong><a style=\"color: #993300;\" href=\"https:\/\/apreis.eu\/apreis\/wp-content\/uploads\/2016\/04\/Threats-to-Multiculturalism_eng-2011-Dayan-_1_.pdf\" target=\"_blank\" rel=\"noopener noreferrer\">version originale en anglais<\/a> \u00a0 \u00a0\u00a0 <a style=\"color: #993300;\" href=\"https:\/\/apreis.eu\/apreis\/wp-content\/uploads\/2016\/04\/Multiculturalism.Leo_.-dayan.apreis.pdf\" target=\"_blank\" rel=\"noopener noreferrer\">version traduite en fran\u00e7ais<\/a><\/strong><\/span><\/span><\/p>\n<p style=\"text-align: justify;\"><span style=\"font-family: tahoma,arial,helvetica,sans-serif; font-size: 12px;\"><span style=\"color: #000000;\">\u00a0 \u00a0 \u00a0 \u00a0 \u00a0 \u00a0 \u00a0 \u00a0 \u00a0 \u00a0 \u00a0 \u00a0 \u00a0 \u00a0 \u00a0 \u00a0 \u00a0 \u00a0 \u00a0 \u00a0 \u00a0 \u00a0 \u00a0 \u00a0\u00a0<\/span><\/span><\/p>\n<p style=\"text-align: justify;\"><span style=\"font-family: tahoma,arial,helvetica,sans-serif; font-size: 12px;\"><span style=\"color: #000000;\">\u00a0 \u00a0 \u00a0 \u00a0 \u00a0 \u00a0 \u00a0 \u00a0 \u00a0 \u00a0 \u00a0 \u00a0 \u00a0 \u00a0 \u00a0 \u00a0 \u00a0 \u00a0 \u00a0 \u00a0 \u00a0 \u00a0 \u00a0 \u00a0 \u00a0 \u00a0 \u00a0 \u00a0 \u00a0 \u00a0 \u00a0 \u00a0 \u00a0 \u00a0 \u00a0 \u00a0 \u00a0 \u00a0 \u00a0\u00a0<strong>\u00a0<\/strong><\/span><\/span><\/p>\n<p style=\"text-align: center;\"><span style=\"font-size: 24px; font-family: tahoma,arial,helvetica,sans-serif; color: #000000;\"><strong><a style=\"color: #000000;\" href=\"https:\/\/www.editions-harmattan.fr\/index.asp?navig=catalogue&amp;obj=livre&amp;no=33265\" target=\"_blank\" rel=\"noopener noreferrer\">L\u2019 ing\u00e9nierie du territoire \u00e0 l&rsquo;\u00e9preuve de la\u00a0durabilit\u00e9<\/a><\/strong><\/span><\/p>\n<p style=\"text-align: center;\"><strong><a href=\"https:\/\/www.editions-harmattan.fr\/index.asp?navig=catalogue&amp;obj=livre&amp;no=33265\" target=\"_blank\" rel=\"noopener noreferrer\"><img loading=\"lazy\" class=\"alignnone wp-image-1289\" src=\"https:\/\/apreis.eu\/apreis\/wp-content\/uploads\/2015\/01\/ingenierie.recto_1.jpg\" sizes=\"(max-width: 225px) 100vw, 225px\" src=\"https:\/\/apreis.eu\/apreis\/wp-content\/uploads\/2015\/01\/ingenierie.recto_1-194x300.jpg 194w, https:\/\/apreis.eu\/apreis\/wp-content\/uploads\/2015\/01\/ingenierie.recto_1.jpg 427w\" alt=\"ingenierie.recto_\" width=\"225\" height=\"348\" \/><\/a><a href=\"https:\/\/www.editions-harmattan.fr\/index.asp?navig=catalogue&amp;obj=livre&amp;no=33265\" target=\"_blank\" rel=\"noopener noreferrer\"><img loading=\"lazy\" class=\"alignnone wp-image-1286\" src=\"https:\/\/apreis.eu\/apreis\/wp-content\/uploads\/2015\/02\/ingenierie.verso_.jpg\" sizes=\"(max-width: 224px) 100vw, 224px\" srcs=\"https:\/\/apreis.eu\/apreis\/wp-content\/uploads\/2015\/02\/ingenierie.verso_-193x300.jpg 193w, https:\/\/apreis.eu\/apreis\/wp-content\/uploads\/2015\/02\/ingenierie.verso_.jpg 422w\" alt=\"ingenierie.verso_\" width=\"224\" height=\"348\" \/><\/a><\/strong><\/p>\n<p style=\"text-align: justify;\"><span style=\"font-family: tahoma,arial,helvetica,sans-serif; font-size: 12px;\">La territorialisation des politiques publiques invite les acteurs civils \u00e0 participer au d\u00e9veloppement local. La globalisation \u00e9conomique rend, sous des formes multiples et \u00e0 des degr\u00e9s divers, les communaut\u00e9s locales mondialis\u00e9es et multiculturelles. L\u2019imp\u00e9ratif de durabilit\u00e9 s\u2019affiche dans les orientations majeures des collectivit\u00e9s territoriales. L\u2019obligation de comp\u00e9titivit\u00e9 incite le territoire \u00e0 devenir le chef d\u2019orchestre de son propre d\u00e9veloppement. Comment articuler durabilit\u00e9 locale, qui n\u2019a de sens que dans la durabilit\u00e9 globale, comp\u00e9titivit\u00e9 locale, qui n\u00e9cessite des synergies intersectorielles, solidarit\u00e9 sociale, qui exige une \u00e9chelle nationale r\u00e9gulatrice et cadre, syst\u00e8me \u00e9conomique mondial de distribution spatiale des activit\u00e9s, de l\u2019emploi et des revenus, qui recompose les acteurs, les fronti\u00e8res, les secteurs et les march\u00e9s, et multiculturalit\u00e9 des soci\u00e9t\u00e9s, qui fait surgir le culturel et l\u2019interculturel comme la quatri\u00e8me composante du d\u00e9veloppement durable, afin de permettre au local de jouer un r\u00f4le dans les approches \u00e9conomiques et internationales de la durabilit\u00e9 globale de l\u2019\u00e9conomie mondiale ?<\/span><\/p>\n<p style=\"text-align: center;\"><span style=\"font-family: tahoma,arial,helvetica,sans-serif; font-size: 12px; color: #800000;\">Chapitre 1 :<strong> <a style=\"color: #800000;\" href=\"https:\/\/apreis.eu\/apreis\/wp-content\/uploads\/2012\/06\/Ingenierie_DD_LD1.pdf\" target=\"_blank\" rel=\"noopener noreferrer\">Le D\u00e9veloppement local durable\u00a0\u00e0 l\u2019\u00e9preuve de l\u2019Etat, du march\u00e9 et du mondial<\/a>\u00a0<\/strong><strong><br \/>\n<\/strong>Chapitre 11\u00a0:<strong>\u00a0<a style=\"color: #800000;\" href=\"https:\/\/apreis.eu\/apreis\/wp-content\/uploads\/2012\/06\/Ingenierie_DD_LD2.pdf\" target=\"_blank\" rel=\"noopener noreferrer\">Pour une\u00a0r\u00e9gulation d\u00e9centralis\u00e9e de\u00a0la durabilit\u00e9 de l\u2019\u00e9conomie mon<\/a><\/strong><strong style=\"color: #000000;\"><a style=\"color: #800000;\" href=\"https:\/\/apreis.eu\/apreis\/wp-content\/uploads\/2012\/06\/Ingenierie_DD_LD2.pdf\" target=\"_blank\" rel=\"noopener noreferrer\">diale<\/a>\u00a0<\/strong><\/span><\/p>\n<p>&nbsp;<\/p>\n<p>&nbsp;<\/p>\n<p style=\"text-align: center;\"><span style=\"font-size: 24px; font-family: tahoma,arial,helvetica,sans-serif;\"><strong>La PME alg\u00e9rienne et le d\u00e9fi de\u00a0l&rsquo;internationalisation<\/strong><\/span><\/p>\n<p style=\"text-align: center;\">\u00a0 <a href=\"https:\/\/www.editions-harmattan.fr\/index.asp?navig=catalogue&amp;obj=livre&amp;no=30652\" target=\"_blank\" rel=\"noopener noreferrer\"><img loading=\"lazy\" class=\"alignnone wp-image-4162 size-full\" src=\"https:\/\/apreis.eu\/apreis\/wp-content\/uploads\/2015\/02\/PME.alg1_.jpg\" alt=\"PME.alg1\" width=\"289\" height=\"450\" srcset=\"https:\/\/apreis.eu\/apreis\/wp-content\/uploads\/2015\/02\/PME.alg1_.jpg 289w, https:\/\/apreis.eu\/apreis\/wp-content\/uploads\/2015\/02\/PME.alg1_-193x300.jpg 193w\" sizes=\"(max-width: 289px) 100vw, 289px\" \/><\/a><a href=\"https:\/\/www.editions-harmattan.fr\/index.asp?navig=catalogue&amp;obj=livre&amp;no=30652\" target=\"_blank\" rel=\"noopener noreferrer\"><img loading=\"lazy\" class=\"alignnone wp-image-4163 size-full\" src=\"https:\/\/apreis.eu\/apreis\/wp-content\/uploads\/2015\/02\/PME.Alg2_.jpg\" alt=\"PME.Alg2\" width=\"291\" height=\"450\" srcset=\"https:\/\/apreis.eu\/apreis\/wp-content\/uploads\/2015\/02\/PME.Alg2_.jpg 291w, https:\/\/apreis.eu\/apreis\/wp-content\/uploads\/2015\/02\/PME.Alg2_-194x300.jpg 194w\" sizes=\"(max-width: 291px) 100vw, 291px\" \/><\/a><\/p>\n<p style=\"text-align: justify;\"><span style=\"font-family: tahoma,arial,helvetica,sans-serif; font-size: 12px;\">Les quelques 300 000 PME que compte l&rsquo;Alg\u00e9rie sont les plus fragiles de l&rsquo;espace m\u00e9diterran\u00e9en.\u00a0En se pr\u00e9occupant de l&rsquo;internationalisation des PME, les pouvoirs publics se trouvent confront\u00e9s \u00e0 de multiples questions.<\/span><\/p>\n<p style=\"text-align: center;\"><span style=\"font-family: tahoma,arial,helvetica,sans-serif; color: #993300;\"><span class=\"Style112\"><strong><span style=\"font-size: 12px;\"><span class=\"Style4\"><span class=\"Style203\">Chap.8\u00a0<a style=\"color: #993300;\" href=\"https:\/\/apreis.eu\/apreis\/wp-content\/uploads\/2015\/02\/PME.Algerie.l.day_.pdf\" target=\"_blank\" rel=\"noopener noreferrer\">D\u00e9fis, atouts et strat\u00e9gies des TPE et PME du local : <\/a><\/span><\/span><\/span><\/strong><a style=\"color: #993300;\" href=\"https:\/\/apreis.eu\/apreis\/wp-content\/uploads\/2015\/02\/PME.Algerie.l.day_.pdf\" target=\"_blank\" rel=\"noopener noreferrer\"><span class=\"Style203\"><strong><span class=\"Style18\"><span style=\"font-size: 12px;\">exemple du secteur du tourisme en Alg\u00e9rie<\/span><\/span><span class=\"Style18\">\u00a0<\/span><\/strong><\/span><\/a><\/span><span class=\"Style4\" style=\"font-size: 10px;\">(L\u00e9o Dayan)<\/span><\/span><\/p>\n<p style=\"text-align: center;\"><strong><br \/>\n<\/strong><strong>\u00a0 \u00a0 \u00a0\u00a0<\/strong><\/p>\n<p><span style=\"color: #000000; font-family: verdana; font-size: x-small; line-height: normal; text-align: justify;\">\u00a0<\/span><\/p>\n","protected":false},"excerpt":{"rendered":"<p>&nbsp; Threats to Multiculturalism \u00a0 \u00a0 \u00a0 \u00a0 \u00a0 \u00a0 \u00a0 \u00a0 \u00a0 \u00a0 \u00a0 \u00a0 \u00a0 \u00a0 \u00a0 \u00a0 \u00a0 \u00a0 \u00a0 \u00a0 \u00a0 \u00a0 \u00a0 \u00a0 \u00a0 \u00a0 \u00a0 \u00a0 \u00a0 \u00a0 \u00a0 \u00a0 \u00a0 \u00a0 \u00a0 \u00a0 [&hellip;]<\/p>\n","protected":false},"author":1,"featured_media":0,"parent":0,"menu_order":0,"comment_status":"closed","ping_status":"closed","template":"tpl_full_page.php","meta":[],"_links":{"self":[{"href":"https:\/\/apreis.eu\/apreis\/wp-json\/wp\/v2\/pages\/1214"}],"collection":[{"href":"https:\/\/apreis.eu\/apreis\/wp-json\/wp\/v2\/pages"}],"about":[{"href":"https:\/\/apreis.eu\/apreis\/wp-json\/wp\/v2\/types\/page"}],"author":[{"embeddable":true,"href":"https:\/\/apreis.eu\/apreis\/wp-json\/wp\/v2\/users\/1"}],"replies":[{"embeddable":true,"href":"https:\/\/apreis.eu\/apreis\/wp-json\/wp\/v2\/comments?post=1214"}],"version-history":[{"count":0,"href":"https:\/\/apreis.eu\/apreis\/wp-json\/wp\/v2\/pages\/1214\/revisions"}],"wp:attachment":[{"href":"https:\/\/apreis.eu\/apreis\/wp-json\/wp\/v2\/media?parent=1214"}],"curies":[{"name":"wp","href":"https:\/\/api.w.org\/{rel}","templated":true}]}}