{"id":17199,"date":"2020-09-11T06:29:36","date_gmt":"2020-09-11T06:29:36","guid":{"rendered":"https:\/\/apreis.eu\/apreis\/?page_id=17199"},"modified":"2020-09-22T11:56:02","modified_gmt":"2020-09-22T11:56:02","slug":"politique-de-cookies","status":"publish","type":"page","link":"https:\/\/apreis.eu\/apreis\/politique-de-cookies\/","title":{"rendered":"Politique de Cookies"},"content":{"rendered":"<div id=\"container\" class=\"clear\">\n<div class=\"content content_full\">\n<div class=\"entry\">\n<div id=\"post_17075\" class=\"single clear post-17075 page type-page status-publish hentry\">\n<div class=\"post-content\">\n<div id=\"cmplz-document\" class=\"cmplz-document cookie-statement\">\n<div id=\"container\" class=\"clear\">\n<div class=\"content content_full\">\n<div class=\"entry\">\n<div id=\"post_17075\" class=\"single clear post-17075 page type-page status-publish hentry\">\n<div class=\"post-content\">\n<div id=\"cmplz-document\" class=\"cmplz-document cookie-statement\">\n<p style=\"text-align: center;\"><span style=\"font-size: 24px;\"><strong>POLITIQUE DE COOKIES<\/strong><\/span><\/p>\n<p>&nbsp;<\/p>\n<p><span style=\"font-size: 16px;\">Le site web, <a href=\"https:\/\/apreis.eu\/essas\/essfr\">https:\/\/apreis.eu<\/a>\u00a0utilise des cookies et des technologies li\u00e9es aux cookies. Des cookies sont \u00e9galement plac\u00e9s par des tierces parties<\/span><\/p>\n<h2>Que sont les cookies ?<\/h2>\n<p style=\"text-align: justify;\"><span id=\"s2_1\">Un cookie est un simple petit fichier envoy\u00e9 avec les pages de ce site et stock\u00e9 par votre navigateur.<\/span> <span id=\"s2_2\">Les informations qui y sont stock\u00e9es peuvent \u00eatre renvoy\u00e9es lors d\u2019une visite ult\u00e9rieure \u00e0 nos serveurs ou \u00e0 ceux des tiers concern\u00e9s<\/span><\/p>\n<h2>Que sont les scripts ?<\/h2>\n<p>Un script est un \u00e9l\u00e9ment de code utilis\u00e9 pour qu&rsquo;un site web fonctionne correctement et de mani\u00e8re interactive. Ce code est ex\u00e9cut\u00e9 sur le serveur du site ou sur votre appareil.<\/p>\n<h2>Cookies<\/h2>\n<p class=\"cmplz-subtitle\">1 Cookies indispensables<br \/>\nCertains cookies assurent le fonctionnement correct et s\u00e9curis\u00e9 du site web .<\/p>\n<p class=\"cmplz-subtitle\">2 Cookies analytiques<br \/>\nLes statistiques sont suivies de fa\u00e7on anonyme.<\/p>\n<p class=\"cmplz-subtitle\">3\u00a0 Autres Cookies<br \/>\nNous avons sur notre site\u00a0 des\u00a0 contenus\u00a0 h\u00e9berg\u00e9es par Linkedin, Vim\u00e9o , You Tube, Facebook, Twitter .\u00a0 Ces liens\u00a0 peuvent\u00a0 traiter certaines informations\u00a0 sur lesquelles\u00a0 n\u2019avons aucun contr\u00f4le sur le processus employ\u00e9 par ces r\u00e9seaux pour collecter des informations relatives \u00e0 votre navigation sur notre site et associ\u00e9es aux donn\u00e9es personnelles dont ils disposent. Pour contr\u00f4ler la gestion de ces cookies, vous pouvez vous rendre sur cette <a href=\"https:\/\/apreis.eu\/apreis\/configurer-navigateur\" target=\"_blank\" rel=\"noopener noreferrer\">PAGE<\/a>\u00a0 .<\/p>\n<h2>Vos droits concernant les donn\u00e9es personnelles<\/h2>\n<p>Vous avez les droits suivants concernant vos donn\u00e9es personnelles\u00a0:<\/p>\n<ul>\n<li>Savoir pourquoi vos donn\u00e9es personnelles sont n\u00e9cessaires, ce qui leur arrivera et combien de temps elles seront conserv\u00e9es.<\/li>\n<li>Acc\u00e9der \u00e0 vos donn\u00e9es personnelles\u00a0 si elles ont \u00e9t\u00e9 enregistr\u00e9es<\/li>\n<li>Compl\u00e9ter, corriger, faire supprimer ou bloquer\u00a0 \u00e0 tout moment vos donn\u00e9es personnelles.<\/li>\n<li>R\u00e9voquer tout consentement si vous l&rsquo;aviez donn\u00e9 au traitement de vos donn\u00e9es et les faire supprimer<\/li>\n<li>\u00a0Demander toutes vos donn\u00e9es personnelles au responsable du traitement et les transf\u00e9rer dans leur int\u00e9gralit\u00e9 \u00e0 un autre responsable du traitement.<\/li>\n<li>\u00a0S&rsquo;opposer au traitement de vos donn\u00e9es et nous-m\u00eames d&rsquo;obtemp\u00e9rer \u00e0 moins que certaines raisons ne justifient ce traitement.<\/li>\n<\/ul>\n<p>Pour exercer ces droits, vous pouvez nous contacter en nous \u00e9crivant aux coordonn\u00e9es\u00a0 indiqu\u00e9es au bas cette page. Si vous avez une plainte concernant la fa\u00e7on dont\u00a0 vos donn\u00e9es sont trait\u00e9es , nous aimerions en \u00eatre inform\u00e9s, Vous avez \u00e9galement le droit de d\u00e9poser une plainte aupr\u00e8s de l\u2019autorit\u00e9 charg\u00e9e de la protection des donn\u00e9es, comme le CEPD).<\/p>\n<h2>Activer\/d\u00e9sactiver et supprimer les cookies<\/h2>\n<p>Vous pouvez utiliser votre navigateur internet pour supprimer automatiquement ou manuellement les cookies. Vous pouvez \u00e9galement sp\u00e9cifier que certains cookies ne peuvent pas \u00eatre plac\u00e9s. Une autre option consiste \u00e0 modifier les r\u00e9glages de votre navigateur internet afin que vous receviez un message \u00e0 chaque fois qu\u2019un cookie est plac\u00e9. Pour plus d\u2019informations sur ces options, reportez-vous aux instructions de la page <a href=\"https:\/\/apreis.eu\/apreis\/configurer-navigateur\">Configurer votre navigateur .<\/a><\/p>\n<p>Veuillez noter que notre site web peut ne pas marcher correctement si tous les cookies sont d\u00e9sactiv\u00e9s. Si vous supprimez les cookies dans votre navigateur, ils seront de nouveau plac\u00e9s apr\u00e8s votre consentement lorsque vous revisiterez le site.<\/p>\n<h2>Coordonn\u00e9es<\/h2>\n<p>Pour des questions et\/ou des commentaires sur notre politique en mati\u00e8re de cookies et cette d\u00e9claration, veuillez nous contacter en utilisant les coordonn\u00e9es suivantes\u00a0:<\/p>\n<p>APREIS<br \/>\n29 rue de l &lsquo;\u00eele de conge 94430 Chennevieres<br \/>\nFrance<br \/>\nSite web\u00a0:\u00a0<a href=\"https:\/\/apreis.eu\/essas\/essfr\">https:\/\/apreis.eu<\/a><br \/>\nE-mail\u00a0:\u00a0<a href=\"mailto:apreis@apreis.eu\">apreis@apreis.eu<\/a><\/p>\n<\/div>\n<p>&nbsp;<\/p>\n<p style=\"text-align: justify;\"><span style=\"font-size: 16px;\">Cette politique de cookies a \u00e9t\u00e9 mise \u00e0 jour le 11\/09\/2020 et s\u2019applique \u00e0 l\u2019Espace \u00c9conomique Europ\u00e9en.<\/span><\/p>\n<\/div>\n<\/div>\n<\/div>\n<\/div>\n<\/div>\n<\/div>\n<\/div>\n<\/div>\n<\/div>\n<\/div>\n<\/div>\n","protected":false},"excerpt":{"rendered":"<p>POLITIQUE DE COOKIES &nbsp; Le site web, https:\/\/apreis.eu\u00a0utilise des cookies et des technologies li\u00e9es aux cookies. Des cookies sont \u00e9galement plac\u00e9s par des tierces parties Que sont les cookies ? Un cookie est un simple petit fichier envoy\u00e9 avec les [&hellip;]<\/p>\n","protected":false},"author":1,"featured_media":0,"parent":0,"menu_order":0,"comment_status":"closed","ping_status":"closed","template":"tpl_full_page.php","meta":[],"_links":{"self":[{"href":"https:\/\/apreis.eu\/apreis\/wp-json\/wp\/v2\/pages\/17199"}],"collection":[{"href":"https:\/\/apreis.eu\/apreis\/wp-json\/wp\/v2\/pages"}],"about":[{"href":"https:\/\/apreis.eu\/apreis\/wp-json\/wp\/v2\/types\/page"}],"author":[{"embeddable":true,"href":"https:\/\/apreis.eu\/apreis\/wp-json\/wp\/v2\/users\/1"}],"replies":[{"embeddable":true,"href":"https:\/\/apreis.eu\/apreis\/wp-json\/wp\/v2\/comments?post=17199"}],"version-history":[{"count":0,"href":"https:\/\/apreis.eu\/apreis\/wp-json\/wp\/v2\/pages\/17199\/revisions"}],"wp:attachment":[{"href":"https:\/\/apreis.eu\/apreis\/wp-json\/wp\/v2\/media?parent=17199"}],"curies":[{"name":"wp","href":"https:\/\/api.w.org\/{rel}","templated":true}]}}