{"id":1929,"date":"2015-11-26T10:19:11","date_gmt":"2015-11-26T10:19:11","guid":{"rendered":"https:\/\/apreis.eu\/apreis\/?page_id=1929"},"modified":"2017-12-18T12:18:38","modified_gmt":"2017-12-18T12:18:38","slug":"syllart","status":"publish","type":"page","link":"https:\/\/apreis.eu\/apreis\/syllart\/","title":{"rendered":"Syllart Records"},"content":{"rendered":"<p><a href=\"https:\/\/fr-fr.facebook.com\/syllartrecords\" target=\"_blank\" rel=\"noopener\"><img loading=\"lazy\" class=\"aligncenter wp-image-1355 size-full\" src=\"https:\/\/apreis.eu\/apreis\/wp-content\/uploads\/2015\/02\/Syllart-e1448533505190.jpg\" alt=\"\" width=\"400\" height=\"396\" \/><\/a><\/p>\n<p>&nbsp;<\/p>\n<p><em>Syllart Records,\u00a0un des rares labels \u00e0 \u00eatre encore\u00a0ind\u00e9pendant, d\u00e9tient un \u00a0vaste et pr\u00e9cieux catalogue de musiques africaines et afro-latines. Fond\u00e9 en 1981 par\u00a0Ibrahima Sylla, passionn\u00e9 de musique panafricaine, \u00a0ce label a contribu\u00e9 \u00e0 la circularit\u00e9 et au m\u00e9tissage\u00a0des genres musicaux africains dans\u00a0toute l\u2019Afrique, anglophone et francophone, et jusqu\u2019aux Antilles .<\/em><\/p>\n<p><em>Syllart Records<\/em>\u00a0commence par\u00a0produire l\u2019Orchestra Baobab dans lequel jouait et d\u00e9j\u00e0 brillait Youssou N\u2019Dour. \u00a0Le label\u00a0acquiert\u00a0un retentissement international avec l\u2019album <em>Soro <\/em>de Salif Keita, \u00e0 l\u2019origine\u00a0du\u00a0genre <em>afro pop<\/em>. \u00a0Exigeant, ce label fut rapidement une r\u00e9f\u00e9rence pour tous les artistes d\u2019Afrique francophone\u00a0et devint d\u00e9terminant dans la cons\u00e9cration\u00a0de genres musicaux tels que\u00a0le <em>soukouss<\/em>, le <em>mbalax <\/em>et le <em>zouk mandingue<\/em>.<br \/>\nDe\u00a0ces d\u00e9couvertes, promotions et productions, \u00e9mergeront \u00a0: Ismael Lo, Baba Maal, Oumou Sangar\u00e9, Amadou et Mariam, Alpha Blondy, S\u00e9kouba Bambino, P\u00e9p\u00e9 Kall\u00e9, Coumba Gawlo, Cheikh L\u00f4, Sali Sidib\u00e9, Souleymane Faye, Kass\u00e9 Mady Diabat\u00e9, S\u00e9kou Kouyat\u00e9, Dieneba Seck, Nyboma, Quatre \u00c9toiles,Tata Bambo Kouyat\u00e9, Ismael Isaac, Nahawa Doumbia, Salif Keita, Boubacar Traor\u00e9, Thione Seck, Empire Bakuba, Ami Koita, Fode Baro ou encore Tshala Muana, M\u2019Pongo Love et Mbilia Bel.<\/p>\n<p><a href=\"https:\/\/fr-fr.facebook.com\/syllartrecords\" target=\"_blank\" rel=\"noopener\"><img loading=\"lazy\" class=\" aligncenter\" src=\"https:\/\/apreis.eu\/apreis\/wp-content\/uploads\/2015\/02\/syllart2-300x300.jpg\" alt=\"syllart2\" width=\"243\" height=\"242\" \/><\/a><\/p>\n<p>En 1993, la cr\u00e9ation, du groupe ic\u00f4ne <em>Africando \u00a0<\/em>avec \u00a0le\u00a0titre <em>\u00a0Yaye Boy <\/em>scelle une\u00a0passion pour la musique afrocubaine et pour l\u2019acoustique des musiques de rumba congolaises. \u00a0L\u2019op\u00e9ra mandingue\u00a0\u00a0Mandekalou, r\u00e9unissant les plus grands musiciens et chanteurs de cultures mandingues du Mali et de Guin\u00e9e, dont Kass\u00e9 Mady \u00a0Diabat\u00e9 et \u00a0Kandia Kouyat\u00e9, traduit\u00a0sa\u00a0volont\u00e9 de transmission du patrimoine griot et de l\u2019\u00e9pop\u00e9e de l\u2019ancien Empire du Mali .<br \/>\nMais Syllart \u00a0ne se dissocie pas du pr\u00e9sent \u00a0comme en t\u00e9moigne la parution,\u00a0en 1996, d\u2019une\u00a0s\u00e9rie d\u2019albums \u00a0intitul\u00e9e<em>Sans Papiers<\/em>\u00a0r\u00e9unissant\u00a0des \u00a0musiciens congolais-maliens-s\u00e9n\u00e9galais-ivoiriens, qui\u00a0donne\u00a0\u00e9cho \u00e0\u00a0la lutte des diasporas africaines \u00a0du quartier de la Goutte d\u2019or, situ\u00e9 \u00e0 Paris, marquant\u00a0et illustrant ainsi la constance de l\u2019inspiration populaire dans sa production musicale.<br \/>\nUne histoire v\u00e9cue \u00a0au plus proche de la lutte pour la cr\u00e9ation et une musique\u00a0nourrie de\u00a0croisements entre trois\u00a0continents font de Syllart \u00a0l\u2019incessant espoir\u00a0de\u00a0\u00a0la musique panafricaine dont le\u00a0pouvoir de r\u00e9union de ses rythmes, de ses chants et de ses contes \u00a0donne sens \u00a0et direction aux\u00a0\u00a0rencontres des cultures,\u00a0mondiales et \u00a0locales en permettant\u00a0la reconnaissance de la libert\u00e9 des communaut\u00e9s humaines de pouvoir refuser une culture impos\u00e9e et\u00a0de proc\u00e9der \u00e0 des\u00a0m\u00e9lange.<\/p>\n<p>&nbsp;<\/p>\n<p style=\"text-align: center;\"><span style=\"color: #000000;\">Mieux conna\u00eetre le label <\/span>: <a href=\"https:\/\/fr-fr.facebook.com\/syllartrecords\" target=\"_blank\" rel=\"noopener\">Site<\/a><\/p>\n<p>&nbsp;<\/p>\n","protected":false},"excerpt":{"rendered":"<p>&nbsp; Syllart Records,\u00a0un des rares labels \u00e0 \u00eatre encore\u00a0ind\u00e9pendant, d\u00e9tient un \u00a0vaste et pr\u00e9cieux catalogue de musiques africaines et afro-latines. Fond\u00e9 en 1981 par\u00a0Ibrahima Sylla, passionn\u00e9 de musique panafricaine, \u00a0ce label a contribu\u00e9 \u00e0 la circularit\u00e9 et au m\u00e9tissage\u00a0des genres [&hellip;]<\/p>\n","protected":false},"author":1,"featured_media":0,"parent":0,"menu_order":0,"comment_status":"closed","ping_status":"closed","template":"tpl_full_page.php","meta":[],"_links":{"self":[{"href":"https:\/\/apreis.eu\/apreis\/wp-json\/wp\/v2\/pages\/1929"}],"collection":[{"href":"https:\/\/apreis.eu\/apreis\/wp-json\/wp\/v2\/pages"}],"about":[{"href":"https:\/\/apreis.eu\/apreis\/wp-json\/wp\/v2\/types\/page"}],"author":[{"embeddable":true,"href":"https:\/\/apreis.eu\/apreis\/wp-json\/wp\/v2\/users\/1"}],"replies":[{"embeddable":true,"href":"https:\/\/apreis.eu\/apreis\/wp-json\/wp\/v2\/comments?post=1929"}],"version-history":[{"count":0,"href":"https:\/\/apreis.eu\/apreis\/wp-json\/wp\/v2\/pages\/1929\/revisions"}],"wp:attachment":[{"href":"https:\/\/apreis.eu\/apreis\/wp-json\/wp\/v2\/media?parent=1929"}],"curies":[{"name":"wp","href":"https:\/\/api.w.org\/{rel}","templated":true}]}}