{"id":3878,"date":"2016-03-26T04:31:25","date_gmt":"2016-03-26T04:31:25","guid":{"rendered":"https:\/\/apreis.eu\/apreis\/?page_id=3878"},"modified":"2021-10-07T23:40:51","modified_gmt":"2021-10-07T23:40:51","slug":"articles","status":"publish","type":"page","link":"https:\/\/apreis.eu\/apreis\/articles\/","title":{"rendered":"Articles"},"content":{"rendered":"<p>&nbsp;<\/p>\n<p><span style=\"font-size: 20px; font-family: tahoma, arial, helvetica, sans-serif;\"><strong>L\u2019 Indien mondialis\u00e9 du Br\u00e9sil rel\u00e8ve durablement<\/strong><strong>\u00a0la t\u00eate et sort de sa r\u00e9serve locale\u00a0<\/strong><\/span><\/p>\n<p>&nbsp;<\/p>\n<p><span style=\"font-size: 12px; font-family: tahoma, arial, helvetica, sans-serif;\">L\u2019 Indien du Br\u00e9sil\u00a0 ? &#8230;\u00a0\u00a0Pas un Indien. Ni un Am\u00e9rindien. Mais Bororo, Guarani,\u00a0 Kaiow\u00e1,<strong>\u00a0 <\/strong>Kayap\u00f3 Terena, Xavante, Yawanawa&#8230;. \u00a0Les indig\u00e8nes du Br\u00e9sil sont\u00a0des\u00a0communaut\u00e9s locales de la mondialit\u00e9. S&rsquo;ils\u00a0constituent \u00e0 peine 0,25 %\u00a0 de la population br\u00e9silienne, elles sont\u00a0une des premi\u00e8res cultures et pratiques, sur le continent am\u00e9ricain,\u00a0 du concept de\u00a0durabilit\u00e9.<\/span><\/p>\n<p style=\"text-align: justify;\"><img loading=\"lazy\" class=\"alignright wp-image-4442 size-full\" src=\"https:\/\/apreis.eu\/apreis\/wp-content\/uploads\/2016\/03\/cartebresil4-e1485636035757.jpg\" width=\"312\" height=\"296\" \/><img loading=\"lazy\" class=\"alignleft wp-image-4441 size-full\" src=\"https:\/\/apreis.eu\/apreis\/wp-content\/uploads\/2016\/03\/bororo-e1485636050235.jpg\" width=\"222\" height=\"296\" \/><span style=\"font-size: 12px; font-family: tahoma, arial, helvetica, sans-serif;\">Apr\u00e8s une longue histoire acharn\u00e9e contre les r\u00eaves de g\u00e9ant de l\u2019Etat d\u00e9veloppementiste et l\u2019universalisme arrogant et sans\u00a0gr\u00e2ce de l\u2019Occident, l&rsquo;indig\u00e8ne du Br\u00e9sil, <em>contr\u00e9e o\u00f9 le bois de braise se trouve en grande abondance<\/em>, rel\u00e8ve durablement la t\u00eate et se pr\u00e9pare \u00e0 sortir de sa r\u00e9serve. C\u2019est, l\u00e0, le v\u0153u exprim\u00e9 par les jeunes Terena de la Terre Indig\u00e8ne Nioaque dans le Mato Grosso do Sul. \u00a0Ce sont eux\u00a0 l\u2019exp\u00e9rience\u00a0 v\u00e9cue et\u00a0 la source de cette contribution. Les Terena, dont l\u2019esprit d\u2019ouverture et de coop\u00e9ration est une permanence comportementale, disent entrer actuellement\u00a0 dans la quatri\u00e8me \u00e9tape de leur vie, celle de leur lib\u00e9ration : <em>\u00ab\u00a0le Voyage Retour\u00a0\u00bb<\/em>.\u00a0Ce voyage passe par un d\u00e9tour dans les \u00e9coles des <em>\u00ab\u00a0<\/em>blancs<em>\u00a0\u00bb <\/em>comme\u00a0 forme de survie et comme renforcement culturel de leur peuple par la mise en liaison des connaissances technico-scientifiques \u00a0et de leurs exp\u00e9riences pratiques accumul\u00e9es impr\u00e9gnant leurs traditions. Ils veulent obtenir la reconnaissance de leurs\u00a0pleins droits\u00a0de propri\u00e9t\u00e9 et pouvoir d\u00e9velopper leurs territoires sans les rendre tributaires des logiques territorialistes des Etats-nations et de la pr\u00e9valence des lois du march\u00e9.\u00a0\u00a0<span style=\"color: #000000;\"><strong><a style=\"color: #000000;\" href=\"https:\/\/apreis.eu\/apreis\/wp-content\/uploads\/Lindig\u00e8ne-du-Bresil-vf.pdf\" target=\"_blank\" rel=\"noopener noreferrer\">Lire plus<\/a><\/strong><\/span><\/span><\/p>\n<p>&nbsp;<\/p>\n<p><span style=\"color: #000000;\"><strong><span style=\"font-size: 12px;\"><span style=\"font-size: 20px;\"><span style=\"color: #000000;\"><span style=\"font-family: tahoma, arial, helvetica, sans-serif;\"><br \/>\nUne strat\u00e9gie \u00e9conomique globale p<\/span><span style=\"font-family: tahoma, arial, helvetica, sans-serif;\">our <\/span>l<\/span><span style=\"font-family: tahoma, arial, helvetica, sans-serif;\"><span style=\"color: #000000;\">ib\u00e9rer l\u2019emploi et\u00a0prot\u00e9ger l&rsquo;environnement<\/span><\/span><\/span>\u00a0<\/span><\/strong><\/span><\/p>\n<p><strong><span style=\"font-size: 12px;\"><span style=\"font-family: tahoma, arial, helvetica, sans-serif;\"><br \/>\n<\/span><\/span><\/strong><span style=\"font-family: tahoma, arial, helvetica, sans-serif; font-size: 12px;\">D\u00e9consid\u00e9r\u00e9 par ses d\u00e9ficits \u00a0avant d\u2019appara\u00eetre, hier, \u00a0comme le sauveux miraculeux du\u00a0syst\u00e8me financier mondial, l\u2019Etat risque, aujourd\u2019 hui, d\u2019appara\u00eetre l\u2019acteur par lequel le syt\u00e8me \u00e9conomique mondial peut poursuivre \u00a0ses ravages politiques, \u00e9cologiques, culturels et sociaux. En raison de la cha\u00eene des interd\u00e9pendances \u00e9conomiques et politiques \u00a0internationales, une politique d\u2019aust\u00e9rit\u00e9 ajoute du ravage \u00e0 ces ravages, y compris \u00a0celui de nourrir \u00a0les appels au protectionnisme.\u00a0<\/span><span style=\"font-family: tahoma, arial, helvetica, sans-serif; font-size: 12px;\"><span style=\"font-family: tahoma, arial, helvetica, sans-serif; font-size: 12px;\">Comment en sortir ?<br \/>\n<\/span><\/span><span style=\"font-size: 12px; font-family: tahoma, arial, helvetica, sans-serif;\">Ne \u00a0pas se contenter de la baisse des charges\u00a0sur le travail\u00a0 pour\u00a0 cr\u00e9er de l\u2019emploi ni de la rationalisation de l\u2019organisation territoriale pour assainir les comptes de l\u2019Etat. Il s\u2019agit d\u2019abord de permettre l\u2019investissement\u00a0 propre des entreprises \u00a0et le d\u00e9veloppement des comp\u00e9tences locales qui\u00a0 viseraient la performance \u00e9conomique,la cr\u00e9ation d\u2019emploi et l\u2019augmentation du \u00a0pouvoir d\u2019achat, mesur\u00e9es en termes de biens non polluants.\u00a0<span style=\"color: #000000;\"><strong><a style=\"color: #000000;\" href=\"https:\/\/apreis.eu\/apreis\/une-strategie-economique-globale-pour-un-developpement-durable-de-la-france\/\" target=\"_blank\" rel=\"noopener noreferrer\">Lire plus<\/a><\/strong><\/span><\/span><\/p>\n<p>&nbsp;<\/p>\n<p>&nbsp;<\/p>\n<p><span style=\"font-size: 12px; font-family: tahoma, arial, helvetica, sans-serif; color: #000000;\"><span style=\"font-size: 12px; font-family: tahoma, arial, helvetica, sans-serif; color: #000000;\"><span style=\"font-size: 12px; font-family: tahoma, arial, helvetica, sans-serif; color: #000000;\"><span style=\"font-size: 20px;\"><strong>Modes, rythmes et perspectives d\u2019internationalisation de l\u2019\u00e9conomie polonaise<\/strong>\u00a0<\/span><\/span><\/span><\/span><\/p>\n<p style=\"text-align: justify;\"><span style=\"font-size: 12px; font-family: tahoma, arial, helvetica, sans-serif;\">L\u2019article identifie et pr\u00e9cise les modes et les rythmes d\u2019internationalisation des firmes polonaises que rend possible le positionnement atteint par une \u00e9conomie polonaise, associ\u00e9 \u00e0 son acc\u00e8s \u00e0 l\u2019UE. Les tendances de l\u2019internationalisation de l\u2019\u00e9conomie polonaise sont d\u2019abord rep\u00e9r\u00e9es, puis traduites et r\u00e9ins\u00e9r\u00e9es dans les strat\u00e9gies des firmes. Leur entrecroisement avec les sc\u00e9narios fournis par l\u2019embo\u00eetement des mod\u00e8les de Porter et de Yip permet d\u2019anticiper la poursuite, sous certaines conditions, d\u2019un dynamisme entrepreneurial plus rapide et plus fort que pr\u00e9vu. <strong><a style=\"color: #000000;\" href=\"https:\/\/apreis.eu\/apreis\/wp-content\/uploads\/2016\/04\/Internat.Poland-2008.pdf\" target=\"_blank\" rel=\"noopener noreferrer\">Lire plus<\/a><\/strong><\/span><\/p>\n<p>&nbsp;<\/p>\n<p>&nbsp;<\/p>\n<p><span style=\"font-size: 12px; font-family: tahoma, arial, helvetica, sans-serif; color: #000000;\"><span style=\"font-size: 12px; font-family: tahoma, arial, helvetica, sans-serif; color: #000000;\"><span style=\"font-size: 12px; font-family: tahoma, arial, helvetica, sans-serif; color: #000000;\"><span style=\"font-size: 16px;\"><span style=\"font-size: 20px;\"><strong>Ecotaxe : entre carotte et b\u00e2ton<\/strong><\/span>\u00a0<\/span><\/span><\/span><\/span><\/p>\n<p>&nbsp;<\/p>\n<p><img loading=\"lazy\" class=\"alignleft wp-image-4456 size-full\" src=\"https:\/\/apreis.eu\/apreis\/wp-content\/uploads\/2016\/03\/carotte-et-baton-e1485680845651.jpg\" width=\"200\" height=\"301\" \/><\/p>\n<p style=\"text-align: justify;\"><span style=\"font-size: 12px; font-family: tahoma, arial, helvetica, sans-serif;\">Le d\u00e9veloppement durable ne se limite pas \u00e0 la sensibilisation au fait environnemental ni aux diff\u00e9rentes mesures inh\u00e9rentes pour limiter, entre autres, l\u2019inqui\u00e9tante acidification des oc\u00e9ans, la destruction impitoyable des biotopes ou le r\u00e9chauffement climatique li\u00e9 \u00e0 l\u2019accumulation des gaz \u00e0 effet de serre que l\u2019activit\u00e9 humaine n\u2019a eu de cesse de favoriser depuis l\u2019\u00e8re industrielle, au point que nous sommes rentr\u00e9s dans une nouvelle p\u00e9riode g\u00e9ologique de l\u2019histoire de la Terre, caract\u00e9ris\u00e9e par l\u2019influence de l\u2019humanit\u00e9 sur le climat et l\u2019environnement, l\u2019anthropoc\u00e8ne.Les dimensions \u00e9conomique et sociale comptent tout autant. Par exemple, la modification des comportements individuels pour consommer moins et mieux ne s\u2019effectuera pas que par les seules campagnes de sensibilisation. L\u2019organisation \u00e9conomique doit pouvoir par ailleurs accompagner voire encourager cette mutation. Plusieurs pistes sont d\u2019ores et d\u00e9j\u00e0 annonc\u00e9es, telle la fameuse taxe carbone. D\u2019autres, comme celles que nous propose le\u00a0laboratoire Apreis, ouvrent des voies audacieuses.<span style=\"color: #000000;\">Se donner cet objectif, c\u2019est permettre aux consommateurs de porter leurs d\u00e9penses sur les produits durables dont l\u2019offre pourrait s\u2019accro\u00eetre gr\u00e2ce \u00e0 une mesure que l\u2019Etat peut d\u00e9cider consensuellement et contractuellement : remplacer les charges sociales par un \u00e9co-imp\u00f4t sur les capitaux polluants.\u00a0<span style=\"color: #000000;\"><a style=\"color: #000000;\" href=\"https:\/\/www.duralpes.com\/ecotaxe-entre-carotte-et-baton\/\" target=\"_blank\" rel=\"noopener noreferrer\"><strong>Lire plus<\/strong><\/a><\/span><\/span><\/span><\/p>\n<p>&nbsp;<\/p>\n<p>&nbsp;<\/p>\n<p>&nbsp;<\/p>\n<p style=\"text-align: center;\"><span style=\"font-size: 20px;\"><strong>La durabilit\u00e9 en toute simplicit\u00e9 et pour toute audace\u00a0<\/strong><\/span><\/p>\n<p>&nbsp;<\/p>\n<p style=\"text-align: justify;\"><span style=\"font-size: 12px; font-family: tahoma, arial, helvetica, sans-serif;\">On entend par biens durables des biens propres au regard de leur cycle global de vie dans la cha\u00eene de l\u2019\u00e9conomie de la durabilit\u00e9, l\u2019\u00e9conomie des \u00e9co liaisons. Cette derni\u00e8re, qui produit des biens dont chaque d\u00e9chet peut devenir ressource pour la production d\u2019un autre ou du m\u00eame bien, conduit donc \u00e0 la sobri\u00e9t\u00e9 dans le pr\u00e9l\u00e8vement de mati\u00e8res nouvelles non renouvelables ou non r\u00e9utilisables et \u00e9vite l\u2019usage des polluants dont le cycle de vie n\u2019est ni confin\u00e9 ni \u00e9tanche. Elle rapproche les zones de production et de r\u00e9utilisation des d\u00e9chets, valorise les ressources locales, dont les d\u00e9chets, et permet aux entreprises d\u2019\u00eatre durables par leur comp\u00e9titivit\u00e9 en mati\u00e8re de connaissance et de la r\u00e9duction des co\u00fbts des inputs, de transport, du traitement des d\u00e9chets et de la r\u00e9glementation environnementale et non par la r\u00e9duction des effectifs et des co\u00fbts salariaux ou par la\u00a0d\u00e9localisation.<span style=\"color: #000000;\"><strong> <a style=\"color: #000000;\" href=\"https:\/\/www.duralpes.com\/acte-iii2-le-developpement-durable-vous-y-croyez\/\" target=\"_blank\" rel=\"noopener noreferrer\">Lire plus<\/a><\/strong><\/span><\/span><\/p>\n<p style=\"text-align: center;\"><img loading=\"lazy\" class=\"aligncenter wp-image-4454 size-full\" src=\"https:\/\/apreis.eu\/apreis\/wp-content\/uploads\/2016\/03\/homme-et-terre.jpg\" width=\"220\" height=\"310\" srcset=\"https:\/\/apreis.eu\/apreis\/wp-content\/uploads\/2016\/03\/homme-et-terre.jpg 220w, https:\/\/apreis.eu\/apreis\/wp-content\/uploads\/2016\/03\/homme-et-terre-213x300.jpg 213w\" sizes=\"(max-width: 220px) 100vw, 220px\" \/><span style=\"font-size: 8px; font-family: tahoma, arial, helvetica, sans-serif;\">Photo : \u00a9 MIRCO \u00e9ditions<\/span><\/p>\n<p>&nbsp;<\/p>\n<p style=\"text-align: center;\"><span style=\"font-size: 20px; font-family: tahoma, arial, helvetica, sans-serif;\"><strong>UN MODELE DE STRATEGIE FISCALE POUR LA DURABILIT\u00c9\u00a0<\/strong><\/span><\/p>\n<p style=\"text-align: center;\"><span style=\"font-size: 12px; font-family: tahoma, arial, helvetica, sans-serif;\"><strong>Eco-imposition du capital polluant. D\u00e9fiscalisation de l\u2019emploi.<\/strong><\/span><\/p>\n<p style=\"text-align: center;\"><span style=\"font-size: 12px; font-family: tahoma, arial, helvetica, sans-serif;\"><strong>Taxe sur les biens polluants import\u00e9s financant la durabilit\u00e9 des pays aux ressources limit\u00e9es<\/strong><\/span><\/p>\n<p>A<span style=\"font-size: 12px; font-family: tahoma, arial, helvetica, sans-serif;\">pr\u00e8s avoir rappel\u00e9 la condition pratique de la mise en oeuvre de la durabilit\u00e9, la <\/span><span style=\"font-size: 12px; font-family: tahoma, arial, helvetica, sans-serif;\">construction d\u2019une \u00e9conomie d\u2019\u00e9co-liaisons, ce papier expose un mod\u00e8le de strat\u00e9gie fiscale <\/span><span style=\"font-size: 12px; font-family: tahoma, arial, helvetica, sans-serif;\">pour l\u2019emploi, pour l\u2019environnement et pour l\u2019\u00e9quilibre des comptes sociaux permettant \u00e0 l\u2019Etat <\/span><span style=\"font-size: 12px; font-family: tahoma, arial, helvetica, sans-serif;\">d\u2019orienter avec efficacit\u00e9, \u00e9quit\u00e9 et au moindre co\u00fbt pour les ressources publiques, les acteurs <\/span><span style=\"font-size: 12px; font-family: tahoma, arial, helvetica, sans-serif;\">du march\u00e9 vers les trajectoires technologiques durables.<\/span><br \/>\n<span style=\"font-size: 12px; font-family: tahoma, arial, helvetica, sans-serif;\">En rempla\u00e7ant progressivement la part des cotisations sociales \u00e0 la charge de l\u2019employeur par <\/span><span style=\"font-size: 12px; font-family: tahoma, arial, helvetica, sans-serif;\">un \u00e9co imp\u00f4t sur le capital polluant, la d\u00e9formation de la fonction de production, provoqu\u00e9e <\/span><span style=\"font-size: 12px; font-family: tahoma, arial, helvetica, sans-serif;\">par une fiscalit\u00e9 directe favorable au capital non polluant et au travail, prot\u00e8ge pr\u00e9ventivement <\/span><span style=\"font-size: 12px; font-family: tahoma, arial, helvetica, sans-serif;\">la nature et la sant\u00e9 humaine et augmente le volume de l\u2019emploi et le pouvoir d\u2019achat mesur\u00e9 <\/span><span style=\"font-size: 12px; font-family: tahoma, arial, helvetica, sans-serif;\">en produits durables. La fixation conjointe et combin\u00e9e du taux de cotisations sociales et du <\/span><span style=\"font-size: 12px; font-family: tahoma, arial, helvetica, sans-serif;\">taux d&rsquo;\u00e9co-imp\u00f4t sur le capital polluant permet l\u2019\u00e9quilibre des comptes sociaux, garantit la <\/span><span style=\"font-size: 12px; font-family: tahoma, arial, helvetica, sans-serif;\">stabilit\u00e9 globale des prix et assure la neutralit\u00e9 budg\u00e9taire de la r\u00e9forme fiscale. <a href=\"https:\/\/apreis.eu\/apreis\/wp-content\/uploads\/Eco-impot.acad_.apreis.fin_.pdf\" target=\"_blank\" rel=\"noopener noreferrer\"><strong>Lire plus<\/strong><\/a><\/span><\/p>\n","protected":false},"excerpt":{"rendered":"<p>&nbsp; L\u2019 Indien mondialis\u00e9 du Br\u00e9sil rel\u00e8ve durablement\u00a0la t\u00eate et sort de sa r\u00e9serve locale\u00a0 &nbsp; L\u2019 Indien du Br\u00e9sil\u00a0 ? &#8230;\u00a0\u00a0Pas un Indien. Ni un Am\u00e9rindien. Mais Bororo, Guarani,\u00a0 Kaiow\u00e1,\u00a0 Kayap\u00f3 Terena, Xavante, Yawanawa&#8230;. \u00a0Les indig\u00e8nes du Br\u00e9sil sont\u00a0des\u00a0communaut\u00e9s [&hellip;]<\/p>\n","protected":false},"author":1,"featured_media":0,"parent":0,"menu_order":0,"comment_status":"closed","ping_status":"closed","template":"tpl_full_page.php","meta":[],"_links":{"self":[{"href":"https:\/\/apreis.eu\/apreis\/wp-json\/wp\/v2\/pages\/3878"}],"collection":[{"href":"https:\/\/apreis.eu\/apreis\/wp-json\/wp\/v2\/pages"}],"about":[{"href":"https:\/\/apreis.eu\/apreis\/wp-json\/wp\/v2\/types\/page"}],"author":[{"embeddable":true,"href":"https:\/\/apreis.eu\/apreis\/wp-json\/wp\/v2\/users\/1"}],"replies":[{"embeddable":true,"href":"https:\/\/apreis.eu\/apreis\/wp-json\/wp\/v2\/comments?post=3878"}],"version-history":[{"count":0,"href":"https:\/\/apreis.eu\/apreis\/wp-json\/wp\/v2\/pages\/3878\/revisions"}],"wp:attachment":[{"href":"https:\/\/apreis.eu\/apreis\/wp-json\/wp\/v2\/media?parent=3878"}],"curies":[{"name":"wp","href":"https:\/\/api.w.org\/{rel}","templated":true}]}}