{"id":4633,"date":"2017-02-23T01:18:55","date_gmt":"2017-02-23T01:18:55","guid":{"rendered":"https:\/\/apreis.eu\/apreis\/?page_id=4633"},"modified":"2019-04-07T15:33:06","modified_gmt":"2019-04-07T15:33:06","slug":"travailler-joli-intention-du-film","status":"publish","type":"page","link":"https:\/\/apreis.eu\/apreis\/travailler-joli-intention-du-film\/","title":{"rendered":"intention"},"content":{"rendered":"<div id=\"pl-4633\"  class=\"panel-layout\" ><div id=\"pg-4633-0\"  class=\"panel-grid panel-no-style\" ><div id=\"pgc-4633-0-0\"  class=\"panel-grid-cell\" ><div id=\"panel-4633-0-0-0\" class=\"so-panel widget widget_magictextwidget MagicTextWidget panel-first-child panel-last-child\" data-index=\"0\" ><h3 class=\"widget-title\">Travailler joli pour le nouveau clair de lune<\/h3><div class=\"magictextwidget_box\" style=\"margin-top:0px !important;margin-bottom:0px !important;max-width:850px;height:auto;background-color:;\"><div class=\"magictextwidget_box_inner\" style=\"padding-top:0px !important; padding-right:0px!important;padding-left:0px !important;padding-bottom:0px !important;\"><div class=\"magictextwidget_accroche\" style=\"margin-top:50px !important;margin-bottom:50px !important;color:#0066bf; font-family:inherit !important; font-size:30px !important;letter-spacing:3px !important; font-weight:bold !important; line-height:17px !important; text-align:center !important;\"><p>Travailler joli pour le nouveau clair de lune<\/p>\n<\/div><div class=\"magictextwidget_widget_text\" style=\"margin-top:20px !important;margin-bottom:20px !important;color:#000000!important; font-family:inherit !important; font-size:16px !important; font-weight:bold !important; line-height:15px!important; text-align:center!important;  \"><p>Un film sur l'\u00e9conomie solidaire et l'imaginaire de la durabilit\u00e9 en Am\u00e9rique du Sud<\/p>\n<\/div><\/div><\/div><\/div><\/div><\/div><div id=\"pg-4633-1\"  class=\"panel-grid panel-no-style\" ><div id=\"pgc-4633-1-0\"  class=\"panel-grid-cell\" ><div id=\"panel-4633-1-0-0\" class=\"so-panel widget widget_black-studio-tinymce widget_black_studio_tinymce panel-first-child panel-last-child\" data-index=\"1\" ><h3 class=\"widget-title\">intention<\/h3><div class=\"textwidget\"><div id=\"pl-5123\" class=\"panel-layout\">\n<div id=\"pg-5123-0\" class=\"panel-grid panel-no-style\" data-style=\"{&quot;background_display&quot;:&quot;tile&quot;}\">\n<div id=\"pgc-5123-0-0\" class=\"panel-grid-cell\" data-weight=\"1\">\n<div id=\"panel-5123-0-0-0\" class=\"so-panel widget widget_magictextwidget MagicTextWidget panel-first-child panel-last-child\" data-index=\"0\" data-style=\"{&quot;background_display&quot;:&quot;tile&quot;}\">\n<p><\/p>\n<div id=\"pl-4633\" class=\"panel-layout\">\n<div id=\"pg-4633-0\" class=\"panel-grid panel-no-style\" data-style=\"{&quot;background_display&quot;:&quot;tile&quot;}\"><\/div>\n<div id=\"pg-4633-1\" class=\"panel-grid panel-no-style\" data-style=\"{&quot;background_display&quot;:&quot;tile&quot;}\">\n<div id=\"pgc-4633-1-0\" class=\"panel-grid-cell\" data-weight=\"1\">\n<div id=\"panel-4633-1-0-0\" class=\"so-panel widget widget_sow-editor panel-first-child panel-last-child\" data-index=\"1\" data-style=\"{&quot;background_display&quot;:&quot;tile&quot;}\">\n<div class=\"so-widget-sow-editor so-widget-sow-editor-base\">\n<div class=\"siteorigin-widget-tinymce textwidget\">\n<p style=\"text-align: center;\"><a href=\"https:\/\/apreis.eu\/apreis\/wp-content\/uploads\/Jesus-pti.jpg\"><img class=\"alignnone size-full wp-image-4734\" src=\"https:\/\/apreis.eu\/apreis\/wp-content\/uploads\/Jesus-pti.jpg\" alt=\"\" width=\"333\" height=\"606\" \/><\/a><br \/>\n<span style=\"font-family: tahoma, arial, helvetica, sans-serif; font-size: 10px;\">\u00a0Ame originelle tranquille et vivante de la ville\u00a0de Trancoso.\u00a0Israel Jesus Filho est\u00a0anim\u00e9 du<\/span><br \/>\n<span style=\"font-family: tahoma, arial, helvetica, sans-serif; font-size: 10px;\"> d\u00e9sir\u00a0de\u00a0conformer son activit\u00e9\u00a0aux besoins de sa communaut\u00e9 et aux rythmes de\u00a0la nature<\/span><\/p>\n<p>&nbsp;<\/p>\n<p style=\"text-align: center;\"><span style=\"font-family: tahoma, arial, helvetica, sans-serif; font-size: 32px;\"><strong><br \/>\nIntention<\/strong><\/span><\/p>\n<p>&nbsp;<\/p>\n<p style=\"text-align: justify;\"><span style=\"font-family: tahoma, arial, helvetica, sans-serif; font-size: 12px;\">L\u2019\u00e9conomie solidaire est souvent ramen\u00e9e\u00a0aux discours acad\u00e9miques, \u00e0 ses repr\u00e9sentations politiques et \u00e0 une n\u00e9buleuse d\u2019informations o\u00f9 domine la pens\u00e9e unique en \u00e9conomie: autant de conceptions\u00a0qui ne conduisent qu'\u00e0 \u00e9difier des murs et qui\u00a0r\u00e9duisent l'\u00e9conomie solidaire, fond\u00e9e sur la r\u00e9ciprocit\u00e9, \u00e0 une \u00e9conomie des pauvres pour les pauvres.<\/span><\/p>\n<p style=\"text-align: justify;\"><span style=\"font-family: tahoma, arial, helvetica, sans-serif; font-size: 12px;\">Cette repr\u00e9sentation est une mani\u00e8re de disqualifier non seulement le principe de solidarit\u00e9 mais aussi celui du soin \u00e0 porter \u00e0 la terre: deux principes originellement tenus ensemble dans les pratiques des indig\u00e8nes, ces \"premiers\" sud am\u00e9ricains. Cette d\u00e9valorisation affecte, \u00e0 des degr\u00e9s divers et sous des formes vari\u00e9es, les indig\u00e8nes, les noirs, les femmes et les Nordestins, tous objets d'une repr\u00e9sentation \u00e0 la fois inf\u00e9riorisante ou p\u00e9jorative, compassionnelle ou condescendante. Or, ce sont ces populations qui apparaissent dans les cr\u00e9ations, souvent initi\u00e9es par des femmes, de l'\u00e9conomie solidaire en Am\u00e9rique du Sud.<\/span><\/p>\n<p style=\"text-align: justify;\"><span style=\"font-family: tahoma, arial, helvetica, sans-serif; font-size: 12px;\">A la fois modestes et puissantes, les innovations locales durables des acteurs de l'\u00e9conomie solidaire dans divers secteurs (action formative, agriculture, commerce, cr\u00e9ation artistique d\u00e9chets, finance, fabrication artisanale, tourisme,) permettent d'am\u00e9liorer la vie des membres d'une communaut\u00e9 et de r\u00e9pondre \u00e0 des besoins locaux en tentant de porter attention \u00e0 la nature, \u00e0 la sant\u00e9, \u00e0 la culture et aux valeurs humaines. Elles contribuent \u00e0 la n\u00e9cessaire (re)territorialisation du concept global de durabilit\u00e9 et augmentent le pouvoir d'influence du local dans les solutions \u00e9conomiques internationales.<\/span><\/p>\n<p style=\"text-align: justify;\"><span style=\"font-family: tahoma, arial, helvetica, sans-serif; font-size: 12px;\">Autre \u00e9conomie, autre mode de vie, autre imaginaire et autre langage, l'\u00e9conomie solidaire lib\u00e8re des murs impossibles du \"chacun pour soi\" ou\u00a0 du \"tous par un\". Elle est porteuse de citoyennet\u00e9s locale et mondiale, elle renouvelle les pouvoirs de r\u00e9union, d'enchantement et de circulation des connaissances, des biens et des personnes, elle int\u00e8gre la part de l'imaginaire\u00a0 f\u00e9minin, elle donne un avenir \u00e0 la cr\u00e9ation, au travail et \u00e0 la f\u00eate et tient ensemble quotidiennet\u00e9s locales et durabilit\u00e9 du monde. Elle est cette \u00e9conomie o\u00f9 il est possible\u00a0 de\u00a0 \u00abtravailler joli pour le nouveau clair de lune\u00bb, sens du mot \"d\u00e9veloppement\" en quechua.<\/span><\/p>\n<p>&nbsp;<br \/>\n&nbsp;<br \/>\n&nbsp;<\/p>\n<\/div>\n<\/div>\n<\/div>\n<div id=\"panel-4611-2-0-1\" class=\"so-panel widget widget_slidedeck2_widget slidedeck2_widget panel-last-child\" data-index=\"3\" data-style=\"{&quot;padding&quot;:&quot;1cm 2cm 1cm 1cm&quot;,&quot;mobile_padding&quot;:&quot;1cm 2cm 1cm 1cm&quot;,&quot;background_image_attachment&quot;:false,&quot;background_display&quot;:&quot;tile&quot;}\">\n<div class=\"panel-widget-style panel-widget-style-for-4611-2-0-1\" style=\"text-align: center;\"><div id=\"slidedeck_4625_69d834841160b-wrapper\"><iframe class=\"slidedeck-iframe-embed\" id=\"slidedeck_4625_69d834841160b\" frameborder=\"0\" allowtransparency=\"yes\"  src=\"https:\/\/apreis.eu\/apreis\/wp-admin\/admin-ajax.php?action=slidedeck_preview_iframe&uniqueid=1580215288&slidedeck=4625&width=740&height=380&outer_width=740&outer_height=380&slidedeck_unique_id=slidedeck_4625_69d834841160b&post_id=4633&front_page=false&start=1\" style=\"width:740px;height:380px;\"><\/iframe><\/div><\/div>\n<\/div>\n<\/div>\n<\/div>\n<\/div>\n<\/div>\n<\/div>\n<\/div>\n<\/div>\n<\/div><\/div><\/div><\/div><\/div>","protected":false},"excerpt":{"rendered":"<p>\u00a0Ame originelle tranquille et vivante de la ville\u00a0de Trancoso.\u00a0Israel Jesus Filho est\u00a0anim\u00e9 du d\u00e9sir\u00a0de\u00a0conformer son activit\u00e9\u00a0aux besoins de sa communaut\u00e9 et aux rythmes de\u00a0la nature &nbsp; Intention &nbsp; L\u2019\u00e9conomie solidaire est souvent ramen\u00e9e\u00a0aux discours acad\u00e9miques, \u00e0 ses repr\u00e9sentations politiques et [&hellip;]<\/p>\n","protected":false},"author":1,"featured_media":0,"parent":0,"menu_order":0,"comment_status":"closed","ping_status":"closed","template":"tpl_full_page.php","meta":[],"_links":{"self":[{"href":"https:\/\/apreis.eu\/apreis\/wp-json\/wp\/v2\/pages\/4633"}],"collection":[{"href":"https:\/\/apreis.eu\/apreis\/wp-json\/wp\/v2\/pages"}],"about":[{"href":"https:\/\/apreis.eu\/apreis\/wp-json\/wp\/v2\/types\/page"}],"author":[{"embeddable":true,"href":"https:\/\/apreis.eu\/apreis\/wp-json\/wp\/v2\/users\/1"}],"replies":[{"embeddable":true,"href":"https:\/\/apreis.eu\/apreis\/wp-json\/wp\/v2\/comments?post=4633"}],"version-history":[{"count":0,"href":"https:\/\/apreis.eu\/apreis\/wp-json\/wp\/v2\/pages\/4633\/revisions"}],"wp:attachment":[{"href":"https:\/\/apreis.eu\/apreis\/wp-json\/wp\/v2\/media?parent=4633"}],"curies":[{"name":"wp","href":"https:\/\/api.w.org\/{rel}","templated":true}]}}