{"id":4636,"date":"2017-02-23T01:20:33","date_gmt":"2017-02-23T01:20:33","guid":{"rendered":"https:\/\/apreis.eu\/apreis\/?page_id=4636"},"modified":"2019-04-07T15:34:55","modified_gmt":"2019-04-07T15:34:55","slug":"synopsis_miseenscene","status":"publish","type":"page","link":"https:\/\/apreis.eu\/apreis\/synopsis_miseenscene\/","title":{"rendered":"Synopsis"},"content":{"rendered":"<div id=\"pl-4636\"  class=\"panel-layout\" ><div id=\"pg-4636-0\"  class=\"panel-grid panel-no-style\" ><div id=\"pgc-4636-0-0\"  class=\"panel-grid-cell\" ><div id=\"panel-4636-0-0-0\" class=\"so-panel widget widget_magictextwidget MagicTextWidget panel-first-child panel-last-child\" data-index=\"0\" ><h3 class=\"widget-title\">Travailler joli pour le nouveau clair de lune<\/h3><div class=\"magictextwidget_box\" style=\"margin-top:0px !important;margin-bottom:0px !important;max-width:850px;height:auto;background-color:;\"><div class=\"magictextwidget_box_inner\" style=\"padding-top:0px !important; padding-right:0px!important;padding-left:0px !important;padding-bottom:0px !important;\"><div class=\"magictextwidget_accroche\" style=\"margin-top:50px !important;margin-bottom:50px !important;color:#1e73be; font-family:inherit !important; font-size:32px !important;letter-spacing:3px !important; font-weight:bold !important; line-height:17px !important; text-align:center !important;\"><p>Travailler joli pour le nouveau clair de lune<\/p>\n<\/div><div class=\"magictextwidget_widget_text\" style=\"margin-top:20px !important;margin-bottom:20px !important;color:#000000!important; font-family:inherit !important; font-size:16px !important; font-weight:bold !important; line-height:15px!important; text-align:center!important;  \"><p>Un film sur l'\u00e9conomie solidaire et la durabilit\u00e9 en Am\u00e9rique du Sud<\/p>\n<\/div><\/div><\/div><\/div><\/div><\/div><div id=\"pg-4636-1\"  class=\"panel-grid panel-no-style\" ><div id=\"pgc-4636-1-0\"  class=\"panel-grid-cell\" ><div id=\"panel-4636-1-0-0\" class=\"so-panel widget widget_black-studio-tinymce widget_black_studio_tinymce panel-first-child panel-last-child\" data-index=\"1\" ><h3 class=\"widget-title\">synopsis<\/h3><div class=\"textwidget\"><div id=\"pl-5123\" class=\"panel-layout\">\n<div id=\"pg-5123-0\" class=\"panel-grid panel-no-style\" data-style=\"{&quot;background_display&quot;:&quot;tile&quot;}\">\n<div id=\"pgc-5123-0-0\" class=\"panel-grid-cell\" data-weight=\"1\">\n<div id=\"panel-5123-0-0-0\" class=\"so-panel widget widget_magictextwidget MagicTextWidget panel-first-child panel-last-child\" data-index=\"0\" data-style=\"{&quot;background_display&quot;:&quot;tile&quot;}\">\n<p><\/p>\n<div id=\"pl-4633\" class=\"panel-layout\">\n<div id=\"pg-4633-0\" class=\"panel-grid panel-no-style\" data-style=\"{&quot;background_display&quot;:&quot;tile&quot;}\"><\/div>\n<div data-style=\"{&quot;background_display&quot;:&quot;tile&quot;}\"><\/div>\n<div data-style=\"{&quot;background_display&quot;:&quot;tile&quot;}\"><\/div>\n<div id=\"pg-4633-1\" class=\"panel-grid panel-no-style\" data-style=\"{&quot;background_display&quot;:&quot;tile&quot;}\">\n<div id=\"pgc-4633-1-0\" class=\"panel-grid-cell\" data-weight=\"1\">\n<div id=\"panel-4633-1-0-0\" class=\"so-panel widget widget_sow-editor panel-first-child panel-last-child\" data-index=\"1\" data-style=\"{&quot;background_display&quot;:&quot;tile&quot;}\">\n<div class=\"so-widget-sow-editor so-widget-sow-editor-base\">\n<div class=\"siteorigin-widget-tinymce textwidget\">\n<p>&nbsp;<\/p>\n<p><img class=\"size-full wp-image-4302 aligncenter\" src=\"https:\/\/apreis.eu\/apreis\/wp-content\/uploads\/2016\/03\/docu-campo-grande.jpg\" alt=\"\" width=\"610\" height=\"426\" \/><\/p>\n<p style=\"text-align: center;\"><span style=\"font-family: tahoma, arial, helvetica, sans-serif; font-size: 12px;\">un des acteurs du film, le musicien Geraldo Espindola [1]<\/span><\/p>\n<p style=\"text-align: center;\">\n<\/p><\/div>\n<\/div>\n<p>&nbsp;<\/p>\n<div class=\"so-widget-sow-editor so-widget-sow-editor-base\">\n<div class=\"siteorigin-widget-tinymce textwidget\">\n<p style=\"text-align: center;\"><span style=\"color: #000000;\"><strong><span style=\"font-family: tahoma, arial, helvetica, sans-serif; font-size: 24px;\">Synopsis\u00a0<\/span><\/strong><\/span><\/p>\n<p>&nbsp;<\/p>\n<p style=\"text-align: justify;\"><span style=\"font-family: tahoma, arial, helvetica, sans-serif; font-size: 12px;\">L\u00e9gende br\u00e9silienne vivante de la musique po\u00e9tique et populaire du Pantanal, un musicien dont l\u2019inspiration se nourrit des milieux naturels, de la sensibilit\u00e9 f\u00e9minine et des espoirs de ceux qui se battent pour vivre ou survivre, cherche \u00e0 terminer une chanson qu'il pr\u00e9senterait\u00a0\u00e0 l'occasion d'un concert pour l'Environnement dans la capitale br\u00e9silienne du Pantanal, Corumba, frontali\u00e8re de la Bolivie.<br \/>\n<\/span><span style=\"font-family: tahoma, arial, helvetica, sans-serif; font-size: 12px;\">Si les premiers mots de sa chanson s'inspirent de ses voyages dans le monde, et notamment en France, ils\u00a0prennent forme dans les arri\u00e8re-pays de la r\u00e9gion la plus riche, la plus peupl\u00e9e d\u2019Am\u00e9rique du Sud et concentrant la plus grande partie des populations noires mais pr\u00e9sentant de lourdes s\u00e9quelles de l\u2019extermination des populations indig\u00e8nes: le Br\u00e9sil. C'est ici que l'histoire de notre film commence en nous faisant d\u00e9couvrir les luttes, les espoirs et les difficult\u00e9s de familles, d'associations, de coop\u00e9ratives et de communaut\u00e9s qui incarnent une autre \u00e9conomie fond\u00e9e sur la solidarit\u00e9.<br \/>\n<\/span><span style=\"font-family: tahoma, arial, helvetica, sans-serif; font-size: 12px;\">Pour trouver les derniers mots de cette chanson, le musicien nous entraine jusque dans le pays le plus pauvre, le moins peupl\u00e9s d\u2019Am\u00e9rique du Sud et r\u00e9unissant le plus fort pourcentage d\u2019indig\u00e8nes du continent: la Bolivie. L\u00e0, il nous fait d\u00e9couvrir d'autres acteurs de l'\u00e9conomie solidaire et fait une rencontre inopin\u00e9e avec un \u00e9conomiste br\u00e9silien connaissant de nombreuses\u00a0exp\u00e9riences cr\u00e9atives de communaut\u00e9s br\u00e9siliennes. C'est lors de ce voyage, que le musicien red\u00e9couvre l'incarnation andine de l\u2019union entre la Terre et la femme, entre la Terre et le Monde, la<em>\"Pachamama\", <\/em>qui remonte aux cultures indig\u00e8nes. En entrevoyant la femme comme la main de la terre et la main du temps, il acquiert une conviction: le concept de durabilit\u00e9 est f\u00e9minin et l'\u00e9conomie solidaire\u00a0 n'est pas l'\u00e9conomie des pauvres mais une autre \u00e9conomie, une autre culture, un autre imaginaire. Cet imaginaire, faisant \u00e9cho au sien, lib\u00e8rera l'inspiration du po\u00e8te et donnera un nom \u00e0 sa chanson : <em>travailler joli pour le nouveau clair de lune.<\/em><br \/>\n<\/span><\/p>\n<p style=\"text-align: justify;\"><span style=\"font-family: tahoma, arial, helvetica, sans-serif; font-size: 10px;\">[1]\u00a0Pour le d\u00e9couvrir : Cliquer<span style=\"color: #0000ff;\">\u00a0<a style=\"color: #0000ff;\" href=\"https:\/\/apreis.eu\/apreis\/geraldo-espindola\" target=\"_blank\" rel=\"noopener noreferrer\">ICI<\/a><\/span><\/span><\/p>\n<p>&nbsp;<\/p>\n<\/div>\n<\/div>\n<\/div>\n<div id=\"panel-4611-2-0-1\" class=\"so-panel widget widget_slidedeck2_widget slidedeck2_widget panel-last-child\" data-index=\"3\" data-style=\"{&quot;padding&quot;:&quot;1cm 2cm 1cm 1cm&quot;,&quot;mobile_padding&quot;:&quot;1cm 2cm 1cm 1cm&quot;,&quot;background_image_attachment&quot;:false,&quot;background_display&quot;:&quot;tile&quot;}\">\n<div class=\"panel-widget-style panel-widget-style-for-4611-2-0-1\" style=\"text-align: center;\"><div id=\"slidedeck_4625_69d8311878a25-wrapper\"><iframe class=\"slidedeck-iframe-embed\" id=\"slidedeck_4625_69d8311878a25\" frameborder=\"0\" allowtransparency=\"yes\"  src=\"https:\/\/apreis.eu\/apreis\/wp-admin\/admin-ajax.php?action=slidedeck_preview_iframe&uniqueid=1580215288&slidedeck=4625&width=740&height=380&outer_width=740&outer_height=380&slidedeck_unique_id=slidedeck_4625_69d8311878a25&post_id=4636&front_page=false&start=1\" style=\"width:740px;height:380px;\"><\/iframe><\/div><\/div>\n<\/div>\n<\/div>\n<\/div>\n<\/div>\n<\/div>\n<\/div>\n<\/div>\n<\/div>\n<\/div><\/div><\/div><\/div><\/div>","protected":false},"excerpt":{"rendered":"<p>&nbsp; un des acteurs du film, le musicien Geraldo Espindola [1] &nbsp; Synopsis\u00a0 &nbsp; L\u00e9gende br\u00e9silienne vivante de la musique po\u00e9tique et populaire du Pantanal, un musicien dont l\u2019inspiration se nourrit des milieux naturels, de la sensibilit\u00e9 f\u00e9minine et des [&hellip;]<\/p>\n","protected":false},"author":1,"featured_media":0,"parent":0,"menu_order":0,"comment_status":"closed","ping_status":"closed","template":"tpl_full_page.php","meta":[],"_links":{"self":[{"href":"https:\/\/apreis.eu\/apreis\/wp-json\/wp\/v2\/pages\/4636"}],"collection":[{"href":"https:\/\/apreis.eu\/apreis\/wp-json\/wp\/v2\/pages"}],"about":[{"href":"https:\/\/apreis.eu\/apreis\/wp-json\/wp\/v2\/types\/page"}],"author":[{"embeddable":true,"href":"https:\/\/apreis.eu\/apreis\/wp-json\/wp\/v2\/users\/1"}],"replies":[{"embeddable":true,"href":"https:\/\/apreis.eu\/apreis\/wp-json\/wp\/v2\/comments?post=4636"}],"version-history":[{"count":0,"href":"https:\/\/apreis.eu\/apreis\/wp-json\/wp\/v2\/pages\/4636\/revisions"}],"wp:attachment":[{"href":"https:\/\/apreis.eu\/apreis\/wp-json\/wp\/v2\/media?parent=4636"}],"curies":[{"name":"wp","href":"https:\/\/api.w.org\/{rel}","templated":true}]}}