{"id":3227,"date":"2015-02-10T13:27:23","date_gmt":"2015-02-10T13:27:23","guid":{"rendered":"https:\/\/apreis.eu\/newapreis\/?page_id=1182"},"modified":"2019-03-03T18:38:02","modified_gmt":"2019-03-03T18:38:02","slug":"arquivos","status":"publish","type":"page","link":"https:\/\/apreis.eu\/apreisbr\/biblioteca\/arquivos\/","title":{"rendered":"Arquivos"},"content":{"rendered":"<div id=\"pl-3227\"  class=\"panel-layout\" ><div id=\"pg-3227-0\"  class=\"panel-grid panel-no-style\" ><div id=\"pgc-3227-0-0\"  class=\"panel-grid-cell\" ><div id=\"panel-3227-0-0-0\" class=\"so-panel widget widget_magictextwidget MagicTextWidget panel-first-child panel-last-child\" data-index=\"0\" ><div class=\"panel-widget-style panel-widget-style-for-3227-0-0-0\" ><div class=\"magictextwidget_box\" style=\"margin-top:10px !important;margin-bottom:10px !important;max-width:250px;height:auto;background-color:#fff;\"><div class=\"magictextwidget_box_inner\" style=\"padding-top:10px !important; padding-right:10px!important;padding-left:10px !important;padding-bottom:10px !important;\"><div class=\"magictextwidget_accroche\" style=\"margin-top:0px !important;margin-bottom:0px !important;color:#000000; font-family:Bubblegum Sans, sans-serif  !important; font-size:32px !important;letter-spacing:3px !important; font-weight:bold !important; line-height:24px !important; text-align:center !important;\"><p>ARQUIVOS<\/p>\n<\/div><\/div><\/div><\/div><\/div><\/div><\/div><div id=\"pg-3227-1\"  class=\"panel-grid panel-no-style\" ><div id=\"pgc-3227-1-0\"  class=\"panel-grid-cell\" ><div id=\"panel-3227-1-0-0\" class=\"so-panel widget widget_sow-editor panel-first-child panel-last-child\" data-index=\"1\" ><div class=\"panel-widget-style panel-widget-style-for-3227-1-0-0\" ><div\n\t\t\t\n\t\t\tclass=\"so-widget-sow-editor so-widget-sow-editor-base\"\n\t\t\t\n\t\t>\n<div class=\"siteorigin-widget-tinymce textwidget\">\n\t<p style=\"text-align: center;\" align=\"center\"><strong><br \/>SERVI\u00c7OS INOVADORES\u00a0PARA\u00a0<\/strong><strong>A\u00a0RECUPERA\u00c7\u00c3O\u00a0\u00a0ARTESANAL<br \/> <\/strong><strong>DOS RESIDUOS\u00a0NA\u00a0<span lang=\"EN-GB\">\u00c1FRICA SUBSAARIANA<\/span><\/strong><\/p>\n<p style=\"text-align: justify;\"><img loading=\"lazy\" class=\"aligncenter wp-image-965 size-full\" src=\"https:\/\/apreis.eu\/apreisbr\/wp-content\/uploads\/2012\/06\/europe-drapeau-150x105-e1457879782154.jpg\" alt=\"\" width=\"80\" height=\"56\" \/><\/p>\n<p style=\"text-align: center;\"><span style=\"font-size: 10px; font-family: tahoma, arial, helvetica, sans-serif;\">Programa financiado pela Direc\u00e7\u00e3o Geral <\/span><br \/> <span style=\"font-size: 10px; font-family: tahoma, arial, helvetica, sans-serif;\">EUROPEAID da Comiss\u00e3o Europeia<\/span><\/p>\n<p style=\"text-align: justify;\"><span style=\"font-size: 12px; font-family: tahoma, arial, helvetica, sans-serif;\">Participe da redu\u00e7\u00e3o da pobreza no contexto de desenvolvimento sustent\u00e1vel em \u00e1rea urbana.\u00a0Promover a profiss\u00e3o de artes\u00e3o\u00a0reciclador como ator n\u00e3o-estatal especializada na recupera\u00e7\u00e3o e reciclagem de res\u00edduos urbanos.\u00a0Garantir a capacidade profissional dos artes\u00e3os recicladores.\u00a0Estimular e apoiar o desenvolvimento de atividades de gera\u00e7\u00e3o de renda com base na produ\u00e7\u00e3o e comercializa\u00e7\u00e3o \u00a0justa de produtos reciclagem de res\u00edduos\u00a0em Camar\u00f5es e Burquina.<\/span><\/p>\n<p style=\"text-align: justify;\"><span style=\"font-size: 12px; font-family: tahoma, arial, helvetica, sans-serif;\">APREIS. Communaut\u00e9 Urbaine de Douala (Camar\u00f5es). Mairie de Maroua (Camar\u00f5es). Universit\u00e9 de\u00a0 Koudougou (Burkina). Universit\u00e0 Ca Foscari di Venezia (It\u00e1lia).<\/span><\/p>\n<p style=\"text-align: justify;\"><span style=\"font-size: 12px; font-family: tahoma, arial, helvetica, sans-serif;\"><strong>Mais\u00a0detalhes: <span style=\"color: #000000;\"><a style=\"color: #000000;\" href=\"https:\/\/apreis.eu\/apreisbr\/wp-content\/uploads\/2016\/03\/Isdera_apreis.pps\" target=\"_blank\">Cliquar aqui<\/a>\u00a0<\/span><\/strong><span style=\"color: #000000;\">(em franc\u00e9s)<\/span><\/span><\/p>\n<\/div>\n<\/div><\/div><\/div><\/div><div id=\"pgc-3227-1-1\"  class=\"panel-grid-cell\" ><div id=\"panel-3227-1-1-0\" class=\"so-panel widget widget_sow-editor panel-first-child panel-last-child\" data-index=\"2\" ><div class=\"panel-widget-style panel-widget-style-for-3227-1-1-0\" ><div\n\t\t\t\n\t\t\tclass=\"so-widget-sow-editor so-widget-sow-editor-base\"\n\t\t\t\n\t\t>\n<div class=\"siteorigin-widget-tinymce textwidget\">\n\t<p align=\"center\"><strong><span lang=\"ES-BO\"><br \/>PLANO\u00a0DE\u00a0A\u00c7\u00d5ES\u00a0EDUCATIVAS\u00a0SOBRE<br \/> <\/span><\/strong><strong><span lang=\"ES-BO\">OS\u00a0OBJECTIVOS\u00a0DO\u00a0MIL\u00c9NIO\u00a0PARA\u00a0<\/span><\/strong><strong><span lang=\"ES-BO\">O DESENVOLVIMENTO<\/span><\/strong><\/p>\n<p align=\"center\"><img loading=\"lazy\" class=\"aligncenter wp-image-965 size-full\" src=\"https:\/\/apreis.eu\/apreisbr\/wp-content\/uploads\/2012\/06\/europe-drapeau-150x105-e1457879782154.jpg\" alt=\"\" width=\"80\" height=\"56\" \/><\/p>\n<p align=\"center\"><span style=\"font-size: 10px; font-family: tahoma, arial, helvetica, sans-serif;\">Programa financiado pela Direc\u00e7\u00e3o Geral<br \/> EUROPEAID da Comiss\u00e3o Europeia<\/span><\/p>\n<p style=\"text-align: justify;\"><span style=\"font-size: 12px; font-family: tahoma, arial, helvetica, sans-serif;\">Na\u00e7\u00f5es Unidas insistem de forma que \u00e9 fixo para cima um processo de informa\u00e7\u00e3o e educacional no tema do desenvolvimento sustent\u00e1vel. O \"recurso escola\u201d deve ser valorizado assegurando a promo\u00e7\u00e3o de uma rela\u00e7\u00e3o ativa de colabora\u00e7\u00e3o cont\u00ednua entre as escolas do Norte e do Sul em um processo educativo global.<\/p>\n<p><\/span><\/p>\n<p><span style=\"font-size: 12px; font-family: tahoma, arial, helvetica, sans-serif;\"> APREIS. Communaut\u00e9 Urbaine de Douala. Mairie de Maroua. Universit\u00e9 de\u00a0 Koudougou. Universit\u00e0 Ca Foscari di Venezia .<\/span><\/p>\n<p><span style=\"font-size: 12px; font-family: tahoma, arial, helvetica, sans-serif;\"><strong>Mais\u00a0detalhes :<span style=\"color: #000000;\"> <a style=\"color: #000000;\" href=\"https:\/\/www.apreis.eu\/apreis\/wp-content\/uploads\/2016\/03\/Agendas.scolairesapreis.pps\" target=\"_blank\">Clicar aqui<\/a>\u00a0<\/span><\/strong><span style=\"color: #000000;\">(em franc\u00e9s)<\/span><\/span><\/p>\n<\/div>\n<\/div><\/div><\/div><\/div><\/div><\/div>","protected":false},"excerpt":{"rendered":"<p>SERVI\u00c7OS INOVADORES\u00a0PARA\u00a0A\u00a0RECUPERA\u00c7\u00c3O\u00a0\u00a0ARTESANAL DOS RESIDUOS\u00a0NA\u00a0\u00c1FRICA SUBSAARIANAPrograma financiado pela Direc\u00e7\u00e3o Geral EUROPEAID da Comiss\u00e3o EuropeiaParticipe da redu\u00e7\u00e3o da pobreza no contexto de desenvolvimento sustent\u00e1vel em \u00e1rea urbana.\u00a0Promover a profiss\u00e3o de artes\u00e3o\u00a0reciclador como ator n\u00e3o-estatal especializada na recupera\u00e7\u00e3o e reciclagem de res\u00edduos urbanos.\u00a0Garantir [&hellip;]<\/p>\n","protected":false},"author":1,"featured_media":0,"parent":3220,"menu_order":0,"comment_status":"closed","ping_status":"closed","template":"tpl_full_page.php","meta":[],"_links":{"self":[{"href":"https:\/\/apreis.eu\/apreisbr\/wp-json\/wp\/v2\/pages\/3227"}],"collection":[{"href":"https:\/\/apreis.eu\/apreisbr\/wp-json\/wp\/v2\/pages"}],"about":[{"href":"https:\/\/apreis.eu\/apreisbr\/wp-json\/wp\/v2\/types\/page"}],"author":[{"embeddable":true,"href":"https:\/\/apreis.eu\/apreisbr\/wp-json\/wp\/v2\/users\/1"}],"replies":[{"embeddable":true,"href":"https:\/\/apreis.eu\/apreisbr\/wp-json\/wp\/v2\/comments?post=3227"}],"version-history":[{"count":1,"href":"https:\/\/apreis.eu\/apreisbr\/wp-json\/wp\/v2\/pages\/3227\/revisions"}],"predecessor-version":[{"id":7195,"href":"https:\/\/apreis.eu\/apreisbr\/wp-json\/wp\/v2\/pages\/3227\/revisions\/7195"}],"up":[{"embeddable":true,"href":"https:\/\/apreis.eu\/apreisbr\/wp-json\/wp\/v2\/pages\/3220"}],"wp:attachment":[{"href":"https:\/\/apreis.eu\/apreisbr\/wp-json\/wp\/v2\/media?parent=3227"}],"curies":[{"name":"wp","href":"https:\/\/api.w.org\/{rel}","templated":true}]}}