{"id":5123,"date":"2017-05-04T17:53:12","date_gmt":"2017-05-04T16:53:12","guid":{"rendered":"https:\/\/apreis.eu\/apreisesp\/?page_id=5123"},"modified":"2020-08-30T12:42:52","modified_gmt":"2020-08-30T11:42:52","slug":"intencion","status":"publish","type":"page","link":"https:\/\/apreis.eu\/apreisesp\/intencion\/","title":{"rendered":"Intenci\u00f3n"},"content":{"rendered":"<div id=\"pl-5123\"  class=\"panel-layout\" ><div id=\"pg-5123-0\"  class=\"panel-grid panel-no-style\" ><div id=\"pgc-5123-0-0\"  class=\"panel-grid-cell\" ><div id=\"panel-5123-0-0-0\" class=\"so-panel widget widget_magictextwidget MagicTextWidget panel-first-child panel-last-child\" data-index=\"0\" ><div class=\"magictextwidget_box\" style=\"margin-top:12px !important;margin-bottom:12px !important;max-width:700px;height:auto;background-color:#fff;\"><div class=\"magictextwidget_box_inner\" style=\"padding-top:10px !important; padding-right:10px!important;padding-left:10px !important;padding-bottom:10px !important;\"><div class=\"magictextwidget_accroche\" style=\"margin-top:10px !important;margin-bottom:10px !important;color:#1f4cc6; font-family:Bubblegum Sans, sans-serif  !important; font-size:28px !important;letter-spacing:2px !important; font-weight:bold !important; line-height:35px !important; text-align:center !important;\"><p>Trabajar bonito para el nuevo claro de luna<\/p>\n<\/div><div class=\"magictextwidget_widget_text\" style=\"margin-top:15px !important;margin-bottom:10px !important;color:#333!important; font-family:Georgia, Palatino !important; font-size:18px !important; font-weight:bold !important; line-height:13px!important; text-align:center!important;  \"><p>Una pel\u00edcula sobre la econom\u00eda solidaria y la sustentabilidad <\/p>\n<\/div><\/div><\/div><\/div><\/div><\/div><div id=\"pg-5123-1\"  class=\"panel-grid panel-no-style\" ><div id=\"pgc-5123-1-0\"  class=\"panel-grid-cell\" ><div id=\"panel-5123-1-0-0\" class=\"so-panel widget widget_sow-editor panel-first-child panel-last-child\" data-index=\"1\" ><div\n\t\t\t\n\t\t\tclass=\"so-widget-sow-editor so-widget-sow-editor-base\"\n\t\t\t\n\t\t>\n<div class=\"siteorigin-widget-tinymce textwidget\">\n\t<p style=\"text-align: center;\"><img loading=\"lazy\" class=\"alignnone size-full wp-image-4734\" src=\"https:\/\/apreis.eu\/apreis\/wp-content\/uploads\/Jesus-pti.jpg\" sizes=\"(max-width: 333px) 100vw, 333px\" srcset=\"https:\/\/apreis.eu\/apreis\/wp-content\/uploads\/Jesus-pti.jpg 333w, https:\/\/apreis.eu\/apreis\/wp-content\/uploads\/Jesus-pti-165x300.jpg 165w\" alt=\"\" width=\"333\" height=\"606\" \/><br \/>\n<span style=\"font-family: tahoma, arial, helvetica, sans-serif; font-size: 10px;\">\u00a0Alma original tranquila y viva de la ciudad de Trancoso. Israel Jesus Filho es animado de por \u00a0el<br \/>\n<\/span><span style=\"font-family: tahoma, arial, helvetica, sans-serif; font-size: 10px;\">deseo de conformar su actividad las necesidades de su comunidad y los ritmos de la naturalezade<\/span><\/p>\n<p>&nbsp;<\/p>\n<p>&nbsp;<\/p>\n<p style=\"text-align: center;\"><span style=\"font-family: tahoma, arial, helvetica, sans-serif; font-size: 32px;\"><strong><br \/>\n<\/strong><\/span><span style=\"font-size: 24pt;\"><strong><span style=\"font-family: tahoma, arial, helvetica, sans-serif;\">Intenci\u00f3n<\/span><\/strong><\/span><\/p>\n<p>&nbsp;<\/p>\n<p style=\"text-align: justify;\"><span style=\"font-size: 10pt; font-family: tahoma, arial, helvetica, sans-serif;\">La econom\u00eda solidaria esta a menudo limitada a los discursos acad\u00e9micos, representaciones pol\u00edticas y a una nebulosa de informaciones en que domina el pensamiento \u00fanico\u00a0 en economia : otras tantas concepciones que s\u00f3lo llevan a edificar muros, y que reducen la econom\u00eda solidaria, basada en la reciprocidad, a una econom\u00eda de los pobres para los pobres.<\/span><\/p>\n<p style=\"text-align: justify;\"><span style=\"font-size: 10pt; font-family: tahoma, arial, helvetica, sans-serif;\">Esta representaci\u00f3n es una manera de desacreditar no\u00a0s\u00f3lo \u00a0el principio de solidaridad sino el del cuidado a la tierra\u00a0: dos principios originalmente abarcados en las pr\u00e1cticas de los Indios, estos \u00ab\u00a0primeros\u00a0\u00bb sudamericanos. Este desprestigio perjudica, a diversos grados y en varias formas, los Indios, los Negros, las mujeres y los Nordestinos, todos victimos de una conducta despreciativa y altiva, que les trata como inferiores o ni\u00f1os. Ahora bien, estas poblaciones son las que se manifiestan en las creaciones, a menudo iniciadas por mujeres, de la econom\u00eda solidaria en America del Sur.<\/span><\/p>\n<p style=\"text-align: justify;\"><span style=\"font-size: 10pt; font-family: tahoma, arial, helvetica, sans-serif;\">A la vez modestas y poderosas, las innovaciones locales sostenibles de los actores de la econom\u00eda solidaria en varios sectores (acci\u00f3n formativa, agricultura, comercio, creaci\u00f3n artistica, desecho, finanzas, fabricaci\u00f3n artesanal, turismo) permiten mejorar la vida de la comunidad y responder a necesidades locales tratando de cuidar a la naturaleza, la salud, la cultura y los valores humanos. Contribuyen a la necesaria (re)territorializaci\u00f3n del concepto global de sostenabilidad y aumentan la influencia del local en las soluciones econ\u00f3micas internationales.<\/span><\/p>\n<p style=\"text-align: justify;\"><span style=\"font-size: 10pt; font-family: tahoma, arial, helvetica, sans-serif;\">Otra econom\u00eda, otro estilo de vida, otro imaginario y otro lenguaje, la econom\u00eda solidaria libera de los muros imposibles del\u00a0 \u00ab\u00a0cada uno para s\u00ed\u00a0\u00bb o del \u00ab\u00a0todos por uno\u00a0\u00bb. Lleva ciudadan\u00edas local y mundial, renueva los poderes de encuentro, encanto y circulaci\u00f3n de conocimientos, bienes y personas, integra el imaginario femenino, ofrece un futuro para la creaci\u00f3n, el labor y la fiesta, y empalma cotidianeidades locales y sustenabilidad del mundo. Es esta econom\u00eda en la que es posible \u00ab\u00a0trabajar bonito para el nuevo claro de luna\u00a0\u00bb, sentido de la palabra \u00ab\u00a0desarrollo\u00a0\u00bb en quechua.<\/span><\/p>\n<\/div>\n<\/div><\/div><\/div><\/div><div id=\"pg-5123-2\"  class=\"panel-grid panel-has-style\" ><div class=\"panel-row-style panel-row-style-for-5123-2\" ><div id=\"pgc-5123-2-0\"  class=\"panel-grid-cell\" ><div id=\"panel-5123-2-0-0\" class=\"so-panel widget widget_slidedeck2_widget slidedeck2_widget panel-first-child panel-last-child\" data-index=\"2\" ><div class=\"panel-widget-style panel-widget-style-for-5123-2-0-0\" ><div id=\"SlideDeck-4625-frame\" class=\"slidedeck-frame slidedeck_frame slidedeck-frame-4625 lens-block-title show-overlay-hover display-nav-never content-source-custom sd2-hideSpines sd2-show-author sd2-show-author-avatar sd2-show-title sd2-show-excerpt sd2-show-readmore sd2-custom sd2-large sd2-dark default-nav-styles\" style=\"width:740px;height:380px;\" data-sd2-lazy-load-padding=\"1\"><dl id=\"SlideDeck-4625\" class=\"slidedeck slidedeck-4625\" style=\"width:740px;height:380px;\"><dt><\/dt><dd style=\"\" class=\"has-image has-excerpt no-title custom-layout-body-text custom-caption-position-right sd2-image-scaling-none slide-type-image slide-source-custom\" data-thumbnail-src=\"https:\/\/apreis.eu\/apreisesp\/wp-content\/uploads\/2017\/06\/statuesnoires2.jpg\"><div class=\"sd2-content-wrapper\">\n    <div class=\"sd2-node-caption\">\n        <div class=\"sd2-vertical-center-outer\">\n            <div class=\"sd2-vertical-center-middle\">\n                <div class=\"sd2-vertical-center-inner\"> \n                    \n                    <div class=\"sd2-slide-title accent-color\">\n                        <span class=\"sd2-slide-title-inner\">\n                                                                                                                <\/span>\n                    <\/div>\n                    \n                                            <div class=\"sd2-slide-text\"><p style=\"text-align: center\"><span style=\"font-size: 16px\"><a href=\"https:\/\/apreis.eu\/apreisesp\/resumen-del-documental\/\" rel=\"noopener noreferrer\">Resumen<\/a><a href=\"https:\/\/apreis.eu\/apreis\/documentaire-leconomie-solidaire-amerique-sud\/\" target=\"_blank\" rel=\"noopener noreferrer\"><br \/>\n<\/a><\/span><\/p>\n<p style=\"text-align: center\"><span style=\"font-size: 16px\"><a href=\"https:\/\/apreis.eu\/apreisesp\/intencion\" rel=\"noopener noreferrer\">Intenci\u00f3n<\/a><\/span><\/p>\n<p style=\"text-align: center\"><span style=\"font-size: 16px\"><a href=\"https:\/\/apreis.eu\/apreisesp\/sinopsis\" rel=\"noopener noreferrer\">Sinopsis<\/a><\/span><\/p>\n<p style=\"text-align: center\"><span style=\"font-size: 16px\"><a href=\"https:\/\/apreis.eu\/apreisesp\/el-equipo\/\" rel=\"noopener noreferrer\">Equipo<\/a><\/span><\/p>\n<p style=\"text-align: center\"><span style=\"font-size: 16px\"><a href=\"https:\/\/apreis.eu\/apreisesp\/filmacion\" rel=\"noopener noreferrer\">Fotografias<\/a><\/span><\/p>\n<p style=\"text-align: center\"><span style=\"font-size: 16px\"><a href=\"https:\/\/apreis.eu\/apreisesp\/teasers\" rel=\"noopener noreferrer\">Teasers<\/a><\/span><\/p>\n<p style=\"text-align: center\"><span style=\"font-size: 16px\"><a href=\"https:\/\/apreis.eu\/apreisesp\/trailer\">Trailer<\/a><\/span><\/p>\n<\/div>\n                                    \n                <\/div>\n            <\/div>\n        <\/div>\n    <\/div>\n<\/div>\n\n    <div class=\"sd2-slide-background\" data-sd2-slide-image=\"https:\/\/apreis.eu\/apreisesp\/wp-content\/uploads\/2017\/06\/statuesnoires2.jpg\"><\/div>\n<\/dd><\/dl><div class=\"slidedeck-overlays\" data-for=\"SlideDeck-4625\"><a href=\"#slidedeck-overlays\" class=\"slidedeck-overlays-showhide\">Overlays<span class=\"open-icon\"><\/span><span class=\"close-icon\"><\/span><\/a><span class=\"slidedeck-overlays-wrapper\"><a href=\"http:\/\/www.facebook.com\/sharer.php?u=https:\/\/apreis.eu\/apreisesp\/intencion\/#SlideDeck-4625&t=Pelicula\" target=\"_blank\" class=\"slidedeck-overlay slidedeck-overlay-type-facebook slidedeck-overlay-1\" data-popup-width=\"659\" data-popup-height=\"592\" data-type=\"facebook\"><span class=\"slidedeck-overlay-logo\"><\/span><span class=\"slidedeck-overlay-label\">Share<\/span><\/a><a href=\"https:\/\/twitter.com\/intent\/tweet?url=https%3A%2F%2Fapreis.eu%2Fapreisesp%2Fintencion%2F%23SlideDeck-4625&via=slidedeck&related=slidedeck&text=Check+out+this+SlideDeck%21\" target=\"_blank\" class=\"slidedeck-overlay slidedeck-overlay-type-twitter slidedeck-overlay-2\" data-popup-width=\"466\" data-popup-height=\"484\" data-type=\"twitter\"><span class=\"slidedeck-overlay-logo\"><\/span><span class=\"slidedeck-overlay-label\">Tweet<\/span><\/a><\/span><\/div><a class=\"deck-navigation horizontal prev\" href=\"#prev-horizontal\"><span>Previous<\/span><\/a><a class=\"deck-navigation horizontal next\" href=\"#next-horizontal\"><span>Next<\/span><\/a><a class=\"deck-navigation vertical prev\" href=\"#prev-vertical\"><span>Previous<\/span><\/a><a class=\"deck-navigation vertical next\" href=\"#next-vertical\"><span>Next<\/span><\/a><\/div><\/div><\/div><\/div><\/div><\/div><\/div>","protected":false},"excerpt":{"rendered":"<p>\u00a0Alma original tranquila y viva de la ciudad de Trancoso. Israel Jesus Filho es animado de por \u00a0el deseo de conformar su actividad las necesidades de su comunidad y los ritmos de la naturalezade &nbsp; &nbsp; Intenci\u00f3n &nbsp; La econom\u00eda [&hellip;]<\/p>\n","protected":false},"author":1,"featured_media":0,"parent":0,"menu_order":0,"comment_status":"closed","ping_status":"closed","template":"tpl_full_page.php","meta":[],"_links":{"self":[{"href":"https:\/\/apreis.eu\/apreisesp\/wp-json\/wp\/v2\/pages\/5123"}],"collection":[{"href":"https:\/\/apreis.eu\/apreisesp\/wp-json\/wp\/v2\/pages"}],"about":[{"href":"https:\/\/apreis.eu\/apreisesp\/wp-json\/wp\/v2\/types\/page"}],"author":[{"embeddable":true,"href":"https:\/\/apreis.eu\/apreisesp\/wp-json\/wp\/v2\/users\/1"}],"replies":[{"embeddable":true,"href":"https:\/\/apreis.eu\/apreisesp\/wp-json\/wp\/v2\/comments?post=5123"}],"version-history":[{"count":3,"href":"https:\/\/apreis.eu\/apreisesp\/wp-json\/wp\/v2\/pages\/5123\/revisions"}],"predecessor-version":[{"id":17041,"href":"https:\/\/apreis.eu\/apreisesp\/wp-json\/wp\/v2\/pages\/5123\/revisions\/17041"}],"wp:attachment":[{"href":"https:\/\/apreis.eu\/apreisesp\/wp-json\/wp\/v2\/media?parent=5123"}],"curies":[{"name":"wp","href":"https:\/\/api.w.org\/{rel}","templated":true}]}}

Intención

<div id="pl-5123"  class="panel-layout" ><div id="pg-5123-0"  class="panel-grid panel-no-style" ><div id="pgc-5123-0-0"  class="panel-grid-cell" ><div id="panel-5123-0-0-0" class="so-panel widget widget_magictextwidget MagicTextWidget panel-first-child panel-last-child" data-index="0" ><div class="magictextwidget_box" style="margin-top:12px !important;margin-bottom:12px !important;max-width:700px;height:auto;background-color:#fff;"><div class="magictextwidget_box_inner" style="padding-top:10px !important; padding-right:10px!important;padding-left:10px !important;padding-bottom:10px !important;"><div class="magictextwidget_accroche" style="margin-top:10px !important;margin-bottom:10px !important;color:#1f4cc6; font-family:Bubblegum Sans, sans-serif  !important; font-size:28px !important;letter-spacing:2px !important; font-weight:bold !important; line-height:35px !important; text-align:center !important;"><p>Trabajar bonito para el nuevo claro de luna</p>
</div><div class="magictextwidget_widget_text" style="margin-top:15px !important;margin-bottom:10px !important;color:#333!important; font-family:Georgia, Palatino !important; font-size:18px !important; font-weight:bold !important; line-height:13px!important; text-align:center!important;  "><p>Una película sobre la economía solidaria y la sustentabilidad </p>
</div></div></div></div></div></div><div id="pg-5123-1"  class="panel-grid panel-no-style" ><div id="pgc-5123-1-0"  class="panel-grid-cell" ><div id="panel-5123-1-0-0" class="so-panel widget widget_sow-editor panel-first-child panel-last-child" data-index="1" ><div
			
			class="so-widget-sow-editor so-widget-sow-editor-base"
			
		>
<div class="siteorigin-widget-tinymce textwidget">
	<p style="text-align: center;"><img loading="lazy" class="alignnone size-full wp-image-4734" src="https://apreis.eu/apreis/wp-content/uploads/Jesus-pti.jpg" sizes="(max-width: 333px) 100vw, 333px" srcset="https://apreis.eu/apreis/wp-content/uploads/Jesus-pti.jpg 333w, https://apreis.eu/apreis/wp-content/uploads/Jesus-pti-165x300.jpg 165w" alt="" width="333" height="606" /><br />
<span style="font-family: tahoma, arial, helvetica, sans-serif; font-size: 10px;"> Alma original tranquila y viva de la ciudad de Trancoso. Israel Jesus Filho es animado de por  el<br />
</span><span style="font-family: tahoma, arial, helvetica, sans-serif; font-size: 10px;">deseo de conformar su actividad las necesidades de su comunidad y los ritmos de la naturalezade</span></p>
<p>&nbsp;</p>
<p>&nbsp;</p>
<p style="text-align: center;"><span style="font-family: tahoma, arial, helvetica, sans-serif; font-size: 32px;"><strong><br />
</strong></span><span style="font-size: 24pt;"><strong><span style="font-family: tahoma, arial, helvetica, sans-serif;">Intención</span></strong></span></p>
<p>&nbsp;</p>
<p style="text-align: justify;"><span style="font-size: 10pt; font-family: tahoma, arial, helvetica, sans-serif;">La economía solidaria esta a menudo limitada a los discursos académicos, representaciones políticas y a una nebulosa de informaciones en que domina el pensamiento único  en economia : otras tantas concepciones que sólo llevan a edificar muros, y que reducen la economía solidaria, basada en la reciprocidad, a una economía de los pobres para los pobres.</span></p>
<p style="text-align: justify;"><span style="font-size: 10pt; font-family: tahoma, arial, helvetica, sans-serif;">Esta representación es una manera de desacreditar no sólo  el principio de solidaridad sino el del cuidado a la tierra : dos principios originalmente abarcados en las prácticas de los Indios, estos « primeros » sudamericanos. Este desprestigio perjudica, a diversos grados y en varias formas, los Indios, los Negros, las mujeres y los Nordestinos, todos victimos de una conducta despreciativa y altiva, que les trata como inferiores o niños. Ahora bien, estas poblaciones son las que se manifiestan en las creaciones, a menudo iniciadas por mujeres, de la economía solidaria en America del Sur.</span></p>
<p style="text-align: justify;"><span style="font-size: 10pt; font-family: tahoma, arial, helvetica, sans-serif;">A la vez modestas y poderosas, las innovaciones locales sostenibles de los actores de la economía solidaria en varios sectores (acción formativa, agricultura, comercio, creación artistica, desecho, finanzas, fabricación artesanal, turismo) permiten mejorar la vida de la comunidad y responder a necesidades locales tratando de cuidar a la naturaleza, la salud, la cultura y los valores humanos. Contribuyen a la necesaria (re)territorialización del concepto global de sostenabilidad y aumentan la influencia del local en las soluciones económicas internationales.</span></p>
<p style="text-align: justify;"><span style="font-size: 10pt; font-family: tahoma, arial, helvetica, sans-serif;">Otra economía, otro estilo de vida, otro imaginario y otro lenguaje, la economía solidaria libera de los muros imposibles del  « cada uno para sí » o del « todos por uno ». Lleva ciudadanías local y mundial, renueva los poderes de encuentro, encanto y circulación de conocimientos, bienes y personas, integra el imaginario femenino, ofrece un futuro para la creación, el labor y la fiesta, y empalma cotidianeidades locales y sustenabilidad del mundo. Es esta economía en la que es posible « trabajar bonito para el nuevo claro de luna », sentido de la palabra « desarrollo » en quechua.</span></p>
</div>
</div></div></div></div><div id="pg-5123-2"  class="panel-grid panel-has-style" ><div class="panel-row-style panel-row-style-for-5123-2" ><div id="pgc-5123-2-0"  class="panel-grid-cell" ><div id="panel-5123-2-0-0" class="so-panel widget widget_slidedeck2_widget slidedeck2_widget panel-first-child panel-last-child" data-index="2" ><div class="panel-widget-style panel-widget-style-for-5123-2-0-0" ><div id="SlideDeck-4625-frame" class="slidedeck-frame slidedeck_frame slidedeck-frame-4625 lens-block-title show-overlay-hover display-nav-never content-source-custom sd2-hideSpines sd2-show-author sd2-show-author-avatar sd2-show-title sd2-show-excerpt sd2-show-readmore sd2-custom sd2-large sd2-dark default-nav-styles" style="width:740px;height:380px;" data-sd2-lazy-load-padding="1"><dl id="SlideDeck-4625" class="slidedeck slidedeck-4625" style="width:740px;height:380px;"><dt></dt><dd style="" class="has-image has-excerpt no-title custom-layout-body-text custom-caption-position-right sd2-image-scaling-none slide-type-image slide-source-custom" data-thumbnail-src="https://apreis.eu/apreisesp/wp-content/uploads/2017/06/statuesnoires2.jpg"><div class="sd2-content-wrapper">
    <div class="sd2-node-caption">
        <div class="sd2-vertical-center-outer">
            <div class="sd2-vertical-center-middle">
                <div class="sd2-vertical-center-inner"> 
                    
                    <div class="sd2-slide-title accent-color">
                        <span class="sd2-slide-title-inner">
                                                                                                                </span>
                    </div>
                    
                                            <div class="sd2-slide-text"><p style="text-align: center"><span style="font-size: 16px"><a href="https://apreis.eu/apreisesp/resumen-del-documental/" rel="noopener noreferrer">Resumen</a><a href="https://apreis.eu/apreis/documentaire-leconomie-solidaire-amerique-sud/" target="_blank" rel="noopener noreferrer"><br />
</a></span></p>
<p style="text-align: center"><span style="font-size: 16px"><a href="https://apreis.eu/apreisesp/intencion" rel="noopener noreferrer">Intención</a></span></p>
<p style="text-align: center"><span style="font-size: 16px"><a href="https://apreis.eu/apreisesp/sinopsis" rel="noopener noreferrer">Sinopsis</a></span></p>
<p style="text-align: center"><span style="font-size: 16px"><a href="https://apreis.eu/apreisesp/el-equipo/" rel="noopener noreferrer">Equipo</a></span></p>
<p style="text-align: center"><span style="font-size: 16px"><a href="https://apreis.eu/apreisesp/filmacion" rel="noopener noreferrer">Fotografias</a></span></p>
<p style="text-align: center"><span style="font-size: 16px"><a href="https://apreis.eu/apreisesp/teasers" rel="noopener noreferrer">Teasers</a></span></p>
<p style="text-align: center"><span style="font-size: 16px"><a href="https://apreis.eu/apreisesp/trailer">Trailer</a></span></p>
</div>
                                    
                </div>
            </div>
        </div>
    </div>
</div>

    <div class="sd2-slide-background" data-sd2-slide-image="https://apreis.eu/apreisesp/wp-content/uploads/2017/06/statuesnoires2.jpg"></div>
</dd></dl><div class="slidedeck-overlays" data-for="SlideDeck-4625"><a href="#slidedeck-overlays" class="slidedeck-overlays-showhide">Overlays<span class="open-icon"></span><span class="close-icon"></span></a><span class="slidedeck-overlays-wrapper"><a href="http://www.facebook.com/sharer.php?u=https://apreis.eu/apreisesp/intencion/#SlideDeck-4625&t=Pelicula" target="_blank" class="slidedeck-overlay slidedeck-overlay-type-facebook slidedeck-overlay-1" data-popup-width="659" data-popup-height="592" data-type="facebook"><span class="slidedeck-overlay-logo"></span><span class="slidedeck-overlay-label">Share</span></a><a href="https://twitter.com/intent/tweet?url=https%3A%2F%2Fapreis.eu%2Fapreisesp%2Fintencion%2F%23SlideDeck-4625&via=slidedeck&related=slidedeck&text=Check+out+this+SlideDeck%21" target="_blank" class="slidedeck-overlay slidedeck-overlay-type-twitter slidedeck-overlay-2" data-popup-width="466" data-popup-height="484" data-type="twitter"><span class="slidedeck-overlay-logo"></span><span class="slidedeck-overlay-label">Tweet</span></a></span></div><a class="deck-navigation horizontal prev" href="#prev-horizontal"><span>Previous</span></a><a class="deck-navigation horizontal next" href="#next-horizontal"><span>Next</span></a><a class="deck-navigation vertical prev" href="#prev-vertical"><span>Previous</span></a><a class="deck-navigation vertical next" href="#next-vertical"><span>Next</span></a></div></div></div></div></div></div></div>

<p> Alma original tranquila y viva de la ciudad de Trancoso. Israel Jesus Filho es animado de por  el deseo de conformar su actividad las necesidades de su comunidad y los ritmos de la naturalezade &nbsp; &nbsp; Intención &nbsp; La economía [&hellip;]</p>
