{"id":1171,"date":"2015-02-10T13:23:09","date_gmt":"2015-02-10T13:23:09","guid":{"rendered":"https:\/\/apreis.eu\/enapreis\/?page_id=1171"},"modified":"2023-12-22T08:02:00","modified_gmt":"2023-12-22T08:02:00","slug":"staff","status":"publish","type":"page","link":"https:\/\/apreis.eu\/enapreis\/team\/staff\/","title":{"rendered":"Staff"},"content":{"rendered":"<p style=\"text-align: center;\"><span style=\"font-size: 24px;\"><strong>STAFF<\/strong><\/span><\/p>\n<p><strong>\u00a0<\/strong><\/p>\n<p><img loading=\"lazy\" class=\"alignnone size-full wp-image-16901 aligncenter\" src=\"https:\/\/apreis.eu\/enapreis\/wp-content\/uploads\/2019\/04\/piments-2-300x211-1.jpg\" alt=\"\" width=\"300\" height=\"211\" srcset=\"https:\/\/apreis.eu\/enapreis\/wp-content\/uploads\/2019\/04\/piments-2-300x211-1.jpg 300w, https:\/\/apreis.eu\/enapreis\/wp-content\/uploads\/2019\/04\/piments-2-300x211-1-150x105.jpg 150w\" sizes=\"(max-width: 300px) 100vw, 300px\" \/><\/p>\n<p>&nbsp;<\/p>\n<p><strong><span style=\"font-size: 14px;\">General Direction\u00a0<\/span>\u00a0<\/strong><\/p>\n<p><span style=\"font-size: 12px;\"><strong>Gian Pietro Armanetti<\/strong>, APREIS President\u00a0<\/span><\/p>\n<p><span style=\"font-size: 12px;\"><strong>Genevi\u00e8ve Blan\u00e9s,\u00a0\u00a0<\/strong> Coordination of\u00a0 the APREIS international network\u00a0<\/span><\/p>\n<p>&nbsp;<\/p>\n<p><span style=\"font-size: 14px;\"><strong>Scientific Direction<\/strong><\/span><\/p>\n<p><span style=\"font-size: 12px;\"><strong>L\u00e9o Dayan,<\/strong> Universit\u00e9 de Paris I Panth\u00e9on Sorbonne, France.\u00a0 APREIS Scientific Director<\/span><\/p>\n<p>&nbsp;<\/p>\n<p><span style=\"font-family: tahoma, arial, helvetica, sans-serif; font-size: 14px;\"><strong>Scientific and Ethical Council (SSC) <\/strong><span style=\"font-family: tahoma, arial, helvetica, sans-serif; font-size: 14px;\"><strong>Conseil Scientifique et Ethique (CSE)<\/strong><\/span><\/span><\/p>\n<p><span style=\"font-family: tahoma, arial, helvetica, sans-serif; font-size: 12px;\"><strong>Aude Lorion, <\/strong>graduate of Peace studies. Social and cultural interactions<\/span><\/p>\n<p><span style=\"font-family: tahoma, arial, helvetica, sans-serif; font-size: 12px;\"><strong>Camille Contoux<\/strong>, climate researcher CNRS, France<br \/>\n<\/span><\/p>\n<p><span style=\"font-family: tahoma, arial, helvetica, sans-serif; font-size: 12px;\"><strong>Eduin Coa,<\/strong> Quechua\u00a0 Teacher, Institut National des Langues Orientales (Inalco), France<\/span><\/p>\n<p><span style=\"font-family: tahoma, arial, helvetica, sans-serif; font-size: 12px;\"><strong>Hugo Dayan<\/strong>,\u00a0 climate researcher CNRS, France<br \/>\n<\/span><\/p>\n<p><span style=\"font-size: 12px; font-family: tahoma, arial, helvetica, sans-serif;\"><strong>Genevi\u00e8ve Blan\u00e9s,<\/strong>\u00a0French and Latin American literature<\/span><\/p>\n<p><span style=\"font-family: tahoma, arial, helvetica, sans-serif; font-size: 14px;\"><span style=\"font-family: tahoma, arial, helvetica, sans-serif; font-size: 12px;\"><strong>Irena Pietrzky<\/strong>, Universit\u00e9 de sciences \u00e9conomiques de Krakow , Poland<\/span><\/span><\/p>\n<p><span style=\"font-family: tahoma, arial, helvetica, sans-serif; font-size: 14px;\"><span style=\"font-family: tahoma, arial, helvetica, sans-serif; font-size: 12px;\"><strong>Jun Li<\/strong>, South China Agricultural University, China<\/span> <\/span><\/p>\n<p><span style=\"font-family: tahoma, arial, helvetica, sans-serif; font-size: 14px;\"><span style=\"font-family: tahoma, arial, helvetica, sans-serif; font-size: 12px;\"><strong>Naouffel Ziadi<\/strong>, Centre d\u2019Etudes et de Recherches Economiques et Sociales,<\/span><\/span><span style=\"font-family: tahoma, arial, helvetica, sans-serif; font-size: 14px;\"><span style=\"font-family: tahoma, arial, helvetica, sans-serif; font-size: 12px;\">Tunisie<\/span> <\/span><\/p>\n<p><span style=\"font-family: tahoma, arial, helvetica, sans-serif; font-size: 14px;\"><span style=\"font-family: tahoma, arial, helvetica, sans-serif; font-size: 12px;\"><strong>Raouf Jaziri, <\/strong> IHEC de Sousse, Universit\u00e9 de Sousse, Tunisie<\/span><\/span><\/p>\n<p><span style=\"font-family: tahoma, arial, helvetica, sans-serif; font-size: 14px;\"> <span style=\"font-family: tahoma, arial, helvetica, sans-serif; font-size: 12px;\"><strong>Sabrina Liberatoscioli<\/strong>, ONG Centro Studi Americanistici, Italia<\/span> <\/span><\/p>\n<p><span style=\"font-family: tahoma, arial, helvetica, sans-serif; font-size: 14px;\"><span style=\"font-family: tahoma, arial, helvetica, sans-serif; font-size: 12px;\"><strong>Sergio Castro<\/strong>, Pontif\u00edcia Universidade Cat\u00f3lica de Goi\u00e1s , Brasil<\/span> <\/span><\/p>\n<p>&nbsp;<\/p>\n<p>&nbsp;<\/p>\n<p><img class=\"aligncenter size-full wp-image-121\" src=\"https:\/\/apreis.eu\/enapreis\/wp-content\/uploads\/2019\/04\/jusfruits2.jpg\" alt=\"jusfruits\" \/><\/p>\n","protected":false},"excerpt":{"rendered":"<p>STAFF \u00a0 &nbsp; General Direction\u00a0\u00a0 Gian Pietro Armanetti, APREIS President\u00a0 Genevi\u00e8ve Blan\u00e9s,\u00a0\u00a0 Coordination of\u00a0 the APREIS international network\u00a0 &nbsp; Scientific Direction L\u00e9o Dayan, Universit\u00e9 de Paris I Panth\u00e9on Sorbonne, France.\u00a0 APREIS Scientific Director &nbsp; Scientific and Ethical Council (SSC) Conseil [&hellip;]<\/p>\n","protected":false},"author":1,"featured_media":0,"parent":1168,"menu_order":0,"comment_status":"closed","ping_status":"closed","template":"tpl_full_page.php","meta":[],"_links":{"self":[{"href":"https:\/\/apreis.eu\/enapreis\/wp-json\/wp\/v2\/pages\/1171"}],"collection":[{"href":"https:\/\/apreis.eu\/enapreis\/wp-json\/wp\/v2\/pages"}],"about":[{"href":"https:\/\/apreis.eu\/enapreis\/wp-json\/wp\/v2\/types\/page"}],"author":[{"embeddable":true,"href":"https:\/\/apreis.eu\/enapreis\/wp-json\/wp\/v2\/users\/1"}],"replies":[{"embeddable":true,"href":"https:\/\/apreis.eu\/enapreis\/wp-json\/wp\/v2\/comments?post=1171"}],"version-history":[{"count":9,"href":"https:\/\/apreis.eu\/enapreis\/wp-json\/wp\/v2\/pages\/1171\/revisions"}],"predecessor-version":[{"id":37394,"href":"https:\/\/apreis.eu\/enapreis\/wp-json\/wp\/v2\/pages\/1171\/revisions\/37394"}],"up":[{"embeddable":true,"href":"https:\/\/apreis.eu\/enapreis\/wp-json\/wp\/v2\/pages\/1168"}],"wp:attachment":[{"href":"https:\/\/apreis.eu\/enapreis\/wp-json\/wp\/v2\/media?parent=1171"}],"curies":[{"name":"wp","href":"https:\/\/api.w.org\/{rel}","templated":true}]}}