{"id":1197,"date":"2012-07-01T12:20:13","date_gmt":"2012-07-01T16:20:13","guid":{"rendered":"https:\/\/apreis.eu\/essas\/esp\/?page_id=1197"},"modified":"2012-08-06T15:25:08","modified_gmt":"2012-08-06T19:25:08","slug":"essas_tareas","status":"publish","type":"page","link":"https:\/\/apreis.eu\/essas\/esp\/essas_tareas\/","title":{"rendered":"ESSAS:TAREAS"},"content":{"rendered":"<div>\n<div style=\"text-align: center;\">\n<p style=\"text-align: justify;\"><span style=\"font-size: x-large;\"><strong>TAREAS<\/strong><\/span><\/p>\n<p>&nbsp;<\/p>\n<\/div>\n<div style=\"text-align: center;\"><strong><span style=\"font-size: large;\">Sacar a la luz el papel de los actores de la econom\u00eda solidaria\u00a0<\/span><\/strong><\/div>\n<div style=\"text-align: center;\"><strong><\/strong><strong><span style=\"font-size: large;\">y territorializar la sustentabilidad<\/span><\/strong><\/div>\n<div><\/div>\n<\/div>\n<p>&nbsp;<\/p>\n<div><\/div>\n<div><img loading=\"lazy\" class=\"aligncenter  wp-image-2013\" title=\"La luz (2)\" src=\"https:\/\/apreis.eu\/essas\/esp\/wp-content\/uploads\/2012\/07\/La-luz-2.jpg\" alt=\"\" width=\"512\" height=\"384\" \/><\/div>\n<div style=\"text-align: center;\"><\/div>\n<div style=\"text-align: center; padding-left: 30px;\"><\/div>\n<div style=\"text-align: justify; padding-left: 30px;\"><\/div>\n<ol style=\"padding-left: 30px;\">\n<li style=\"text-align: justify; padding-left: 60px;\"><span style=\"font-size: small; text-align: justify;\">Definir los criterios t\u00e9cnicos y pr\u00e1cticos de innovaciones sustentables de la Econom\u00eda Solidaria.<\/span><\/li>\n<li style=\"text-align: justify; padding-left: 60px;\"><span style=\"font-size: small; text-align: justify;\">Inventariar sobre el terreno las actividades innovadoras sustentables\u00a0de la Econom\u00eda Solidaria.<\/span><\/li>\n<li style=\"text-align: justify; padding-left: 60px;\"><span style=\"font-size: small; text-align: justify;\">Modelizar cualitativamente las actividades sustentable\u00a0de la Econom\u00eda Solidaria.<\/span><\/li>\n<li style=\"text-align: justify; padding-left: 60px;\"><span style=\"font-size: small; text-align: justify;\">Creaci\u00f3n de un website interactivo (Web 2.0) y de una red de actores de la Econom\u00eda Solidaria, para permitirles compartir directamente sus experiencias, conocerse mejor e intercambiar buenas pr\u00e1cticas y proyectos.<\/span><\/li>\n<li style=\"text-align: justify; padding-left: 60px;\"><span style=\"font-size: small; text-align: justify;\">Creaci\u00f3n y difusi\u00f3n de la cartograf\u00eda, dando a conocer los actores, sus iniciativas y las actividades innovadoras de la Econom\u00eda Solidaria en Am\u00e9rica del Sur.<\/span><\/li>\n<li style=\"text-align: justify; padding-left: 60px;\"><span style=\"font-size: small; text-align: justify;\">Crear mecanismos de intercambio de informaci\u00f3n y conocimientos entre los actores, emprendedores e investigadores de Am\u00e9rica del Sur, con el fin de permitirles: compartir informaciones, fortalecer sus conocimientos e investigaciones sobre la Econom\u00eda Solidaria, mejorar sus pr\u00e1cticas, desarrollar t\u00e9cnicas de transposici\u00f3n cultural y metodol\u00f3gica de dichas pr\u00e1cticas, ayudar en la toma de decisiones a las entidades p\u00fablicas y facilitar la difusi\u00f3n de los resultados a nivel global.<\/span><\/li>\n<li style=\"text-align: justify; padding-left: 60px;\"><span style=\"font-size: small; text-align: justify;\">Crear v\u00ednculos entre los actores, emprendedores e investigadores de Am\u00e9rica Latina, Europa y \u00c1frica, que permitan compartir la informaci\u00f3n y los conocimientos.<\/span><\/li>\n<li style=\"text-align: justify; padding-left: 60px;\"><span style=\"font-size: small; text-align: justify;\">Promover la adopci\u00f3n de los principios de sustentabilidad en el campo de la Econom\u00eda Solidaria.<\/span><\/li>\n<li style=\"text-align: justify; padding-left: 60px;\"><span style=\"font-size: small; text-align: justify;\">Promover las actividades\u00a0 y los actores de la Econom\u00eda Solidaria que respetan los criterios de sostenibilidad. Dar a conocer los procedimientos que siguieron para conseguirlo y facilitar las cooperaciones y articulaciones locales entre todos los actores.<\/span><\/li>\n<li style=\"text-align: justify; padding-left: 60px;\"><span style=\"font-size: small; text-align: justify;\">Dar visibilidad a los emprendedores que est\u00e1n tomando este camino. Promover tambi\u00e9n aquellas iniciativas que puedan llegar a ser sustentables.<\/span><\/li>\n<li style=\"text-align: justify; padding-left: 60px;\"><span style=\"font-size: small; text-align: justify;\">Promover los micro proyectos de desarrollo local sostenible de la Econom\u00eda Solidaria que est\u00e1n relacionados con la protecci\u00f3n del medio ambiente y con el primer Objetivo de Desarrollo del Milenio: erradicar la pobreza extrema y el hambre.<\/span><\/li>\n<li style=\"text-align: justify; padding-left: 60px;\"><span style=\"font-size: small; text-align: justify;\">Garantizar, a trav\u00e9s de la red creada por el programa ESSAS, la continuaci\u00f3n y expansi\u00f3n de la cartograf\u00eda por los actores mismos de la Econom\u00eda Solidaria a una escala intercontinental, comenzando por Europa.<\/span><\/li>\n<\/ol>\n<div style=\"text-align: justify; padding-left: 60px;\"><\/div>\n<div style=\"text-align: justify; padding-left: 30px;\"><\/div>\n","protected":false},"excerpt":{"rendered":"<p>TAREAS &nbsp; Sacar a la luz el papel de los actores de la econom\u00eda solidaria\u00a0 y territorializar la sustentabilidad &nbsp; Definir los criterios t\u00e9cnicos y pr\u00e1cticos de innovaciones sustentables de la Econom\u00eda Solidaria. Inventariar sobre el terreno las actividades innovadoras [&hellip;]<\/p>\n","protected":false},"author":84,"featured_media":0,"parent":0,"menu_order":0,"comment_status":"open","ping_status":"open","template":"tpl_full_page.php","meta":[],"_links":{"self":[{"href":"https:\/\/apreis.eu\/essas\/esp\/wp-json\/wp\/v2\/pages\/1197"}],"collection":[{"href":"https:\/\/apreis.eu\/essas\/esp\/wp-json\/wp\/v2\/pages"}],"about":[{"href":"https:\/\/apreis.eu\/essas\/esp\/wp-json\/wp\/v2\/types\/page"}],"author":[{"embeddable":true,"href":"https:\/\/apreis.eu\/essas\/esp\/wp-json\/wp\/v2\/users\/84"}],"replies":[{"embeddable":true,"href":"https:\/\/apreis.eu\/essas\/esp\/wp-json\/wp\/v2\/comments?post=1197"}],"version-history":[{"count":0,"href":"https:\/\/apreis.eu\/essas\/esp\/wp-json\/wp\/v2\/pages\/1197\/revisions"}],"wp:attachment":[{"href":"https:\/\/apreis.eu\/essas\/esp\/wp-json\/wp\/v2\/media?parent=1197"}],"curies":[{"name":"wp","href":"https:\/\/api.w.org\/{rel}","templated":true}]}}